216.73.216.51 - - [10/Mar/2026:05:42:16 -0700] "GET /2025/08/03/page-46?path=%2F%2Fetc%2Fcl.nodejs HTTP/2.0" 403 4102 "-" "Mozilla/5.0 AppleWebKit/537.36 (KHTML, like Gecko; compatible; ClaudeBot/1.0; +claudebot@anthropic.com)" 43 **0/43473**
216.73.216.51 - - [10/Mar/2026:05:42:16 -0700] "GET /2025/08/03/page-46?fileloc=%2F%2Fbin%2Fpython2&path=%2F%2Fbin HTTP/2.0" 403 4102 "-" "Mozilla/5.0 AppleWebKit/537.36 (KHTML, like Gecko; compatible; ClaudeBot/1.0; +claudebot@anthropic.com)" 51 **0/51176**
216.73.216.51 - - [10/Mar/2026:05:42:16 -0700] "GET /2025/08/03/page-46?path=%2F%2Fetc%2Fbash_completion.d HTTP/2.0" 403 4102 "-" "Mozilla/5.0 AppleWebKit/537.36 (KHTML, like Gecko; compatible; ClaudeBot/1.0; +claudebot@anthropic.com)" 46 **0/46066**
216.73.216.51 - - [10/Mar/2026:05:42:16 -0700] "GET /2025/08/03/page-46?path=%2F%2Fvar%2Fcloudlinux HTTP/2.0" 403 4102 "-" "Mozilla/5.0 AppleWebKit/537.36 (KHTML, like Gecko; compatible; ClaudeBot/1.0; +claudebot@anthropic.com)" 51 **0/51245**
216.73.216.51 - - [10/Mar/2026:05:42:16 -0700] "GET /2025/08/03/page-46?path=%2F%2Fopt%2Fcloudlinux HTTP/2.0" 403 4102 "-" "Mozilla/5.0 AppleWebKit/537.36 (KHTML, like Gecko; compatible; ClaudeBot/1.0; +claudebot@anthropic.com)" 45 **0/45470**
74.7.227.143 - - [10/Mar/2026:05:42:16 -0700] "GET /2025/09/17/online-casina-pro-ceske-hrace-objevte-svt-zabavy-a-10/?path=//proc/thread-self/root/opt/alt/python27/lib64/python2.7/lib2to3/pgen2 HTTP/2.0" 200 3249 "https://blog.theomggroup.com/2025/09/17/online-casina-pro-ceske-hrace-objevte-svt-zabavy-a-10/?path=//proc/thread-self/root/opt/alt/python27/lib64/python2.7/lib2to3" "Mozilla/5.0 AppleWebKit/537.36 (KHTML, like Gecko; compatible; GPTBot/1.3; +https://openai.com/gptbot)" 91 **0/91231**
216.73.216.51 - - [10/Mar/2026:05:42:16 -0700] "GET /2025/08/03/page-46?path=%2F%2Flib64%2Fpython3.12 HTTP/2.0" 403 4102 "-" "Mozilla/5.0 AppleWebKit/537.36 (KHTML, like Gecko; compatible; ClaudeBot/1.0; +claudebot@anthropic.com)" 78 **0/78244**
216.73.216.51 - - [10/Mar/2026:05:42:16 -0700] "GET /2025/08/03/page-46?path=%2F%2Flib64%2Fpython3.6 HTTP/2.0" 403 4102 "-" "Mozilla/5.0 AppleWebKit/537.36 (KHTML, like Gecko; compatible; ClaudeBot/1.0; +claudebot@anthropic.com)" 48 **0/48565**
216.73.216.51 - - [10/Mar/2026:05:42:16 -0700] "GET /2025/08/03/page-46?path=%2F%2Flib%2Fpython3.12 HTTP/2.0" 403 4102 "-" "Mozilla/5.0 AppleWebKit/537.36 (KHTML, like Gecko; compatible; ClaudeBot/1.0; +claudebot@anthropic.com)" 46 **0/46886**
216.73.216.51 - - [10/Mar/2026:05:42:16 -0700] "GET /2025/08/03/page-46?path=%2F%2Flib64%2Fpython2.7 HTTP/2.0" 403 4102 "-" "Mozilla/5.0 AppleWebKit/537.36 (KHTML, like Gecko; compatible; ClaudeBot/1.0; +claudebot@anthropic.com)" 48 **0/48330**
216.73.216.51 - - [10/Mar/2026:05:42:16 -0700] "GET /2025/08/03/page-46?path=%2F%2Flib%2Fpython3.6 HTTP/2.0" 403 4102 "-" "Mozilla/5.0 AppleWebKit/537.36 (KHTML, like Gecko; compatible; ClaudeBot/1.0; +claudebot@anthropic.com)" 44 **0/44755**
74.7.227.143 - - [10/Mar/2026:05:42:16 -0700] "GET /2025/09/17/online-casina-pro-ceske-hrace-objevte-svt-zabavy-a-10/?fileloc=//proc/self/root/proc/thread-self/root/opt/alt/python-internal/lib64/python3.11/email/mime/__init__.py&path=//proc/self/root/proc/thread-self/root/opt/alt/python-internal/lib64/python3.11/email/mime HTTP/2.0" 200 2389 "https://blog.theomggroup.com/2025/09/17/online-casina-pro-ceske-hrace-objevte-svt-zabavy-a-10/?path=//proc/self/root/proc/thread-self/root/opt/alt/python-internal/lib64/python3.11/email/mime" "Mozilla/5.0 AppleWebKit/537.36 (KHTML, like Gecko; compatible; GPTBot/1.3; +https://openai.com/gptbot)" 46 **0/46679**
216.73.216.51 - - [10/Mar/2026:05:42:17 -0700] "GET /2025/08/03/page-46?path=%2F%2Flib%2Fpython2.7 HTTP/2.0" 403 4102 "-" "Mozilla/5.0 AppleWebKit/537.36 (KHTML, like Gecko; compatible; ClaudeBot/1.0; +claudebot@anthropic.com)" 55 **0/55984**
216.73.216.51 - - [10/Mar/2026:05:42:17 -0700] "GET /2025/08/03/page-46?path=%2F%2Fetc%2Fcl.python HTTP/2.0" 403 4102 "-" "Mozilla/5.0 AppleWebKit/537.36 (KHTML, like Gecko; compatible; ClaudeBot/1.0; +claudebot@anthropic.com)" 49 **0/49189**
216.73.216.51 - - [10/Mar/2026:05:42:17 -0700] "GET /2025/08/03/page-46?path=%2F%2Fopt%2Fpython38 HTTP/2.0" 403 4102 "-" "Mozilla/5.0 AppleWebKit/537.36 (KHTML, like Gecko; compatible; ClaudeBot/1.0; +claudebot@anthropic.com)" 50 **0/50117**
74.7.227.143 - - [10/Mar/2026:05:42:17 -0700] "GET /2025/09/17/online-casina-pro-ceske-hrace-objevte-svt-zabavy-a-10/?fileloc=//proc/self/root/proc/thread-self/root/opt/alt/python27/lib64/python2.7/encodings/iso8859_11.py&path=//proc/self/root/proc/thread-self/root/opt/alt/python27/lib64/python2.7/encodings HTTP/2.0" 200 4974 "https://blog.theomggroup.com/2025/09/17/online-casina-pro-ceske-hrace-objevte-svt-zabavy-a-10/?path=//proc/self/root/proc/thread-self/root/opt/alt/python27/lib64/python2.7/encodings" "Mozilla/5.0 AppleWebKit/537.36 (KHTML, like Gecko; compatible; GPTBot/1.3; +https://openai.com/gptbot)" 46 **0/46563**
74.7.227.143 - - [10/Mar/2026:05:42:18 -0700] "GET /2025/09/17/online-casina-pro-ceske-hrace-objevte-svt-zabavy-a-10/?fileloc=//proc/self/root/proc/thread-self/root/opt/alt/python27/lib64/python2.7/encodings/iso8859_7.py&path=//proc/self/root/proc/thread-self/root/opt/alt/python27/lib64/python2.7/encodings HTTP/2.0" 200 5017 "https://blog.theomggroup.com/2025/09/17/online-casina-pro-ceske-hrace-objevte-svt-zabavy-a-10/?path=//proc/self/root/proc/thread-self/root/opt/alt/python27/lib64/python2.7/encodings" "Mozilla/5.0 AppleWebKit/537.36 (KHTML, like Gecko; compatible; GPTBot/1.3; +https://openai.com/gptbot)" 42 **0/42043**
74.7.227.143 - - [10/Mar/2026:05:42:18 -0700] "GET /2025/09/17/online-casina-pro-ceske-hrace-objevte-svt-zabavy-a-10/?fileloc=//proc/self/root/proc/thread-self/root/opt/alt/python27/lib64/python2.7/encodings/cp500.py&path=//proc/self/root/proc/thread-self/root/opt/alt/python27/lib64/python2.7/encodings HTTP/2.0" 200 5196 "https://blog.theomggroup.com/2025/09/17/online-casina-pro-ceske-hrace-objevte-svt-zabavy-a-10/?path=//proc/self/root/proc/thread-self/root/opt/alt/python27/lib64/python2.7/encodings" "Mozilla/5.0 AppleWebKit/537.36 (KHTML, like Gecko; compatible; GPTBot/1.3; +https://openai.com/gptbot)" 57 **0/57020**
74.7.227.143 - - [10/Mar/2026:05:42:19 -0700] "GET /2025/09/17/online-casina-pro-ceske-hrace-objevte-svt-zabavy-a-10/?fileloc=//proc/self/root/proc/thread-self/root/opt/alt/python27/lib64/python2.7/encodings/unicode_internal.pyo&path=//proc/self/root/proc/thread-self/root/opt/alt/python27/lib64/python2.7/encodings HTTP/2.0" 200 2382 "https://blog.theomggroup.com/2025/09/17/online-casina-pro-ceske-hrace-objevte-svt-zabavy-a-10/?path=//proc/self/root/proc/thread-self/root/opt/alt/python27/lib64/python2.7/encodings" "Mozilla/5.0 AppleWebKit/537.36 (KHTML, like Gecko; compatible; GPTBot/1.3; +https://openai.com/gptbot)" 46 **0/46899**
74.7.227.143 - - [10/Mar/2026:05:42:19 -0700] "GET /2025/09/17/online-casina-pro-ceske-hrace-objevte-svt-zabavy-a-10/?fileloc=//proc/self/root/proc/thread-self/root/opt/alt/python27/lib64/python2.7/encodings/iso2022_kr.py&path=//proc/self/root/proc/thread-self/root/opt/alt/python27/lib64/python2.7/encodings HTTP/2.0" 200 2708 "https://blog.theomggroup.com/2025/09/17/online-casina-pro-ceske-hrace-objevte-svt-zabavy-a-10/?path=//proc/self/root/proc/thread-self/root/opt/alt/python27/lib64/python2.7/encodings" "Mozilla/5.0 AppleWebKit/537.36 (KHTML, like Gecko; compatible; GPTBot/1.3; +https://openai.com/gptbot)" 39 **0/39542**
74.7.227.143 - - [10/Mar/2026:05:42:20 -0700] "GET /2025/09/17/online-casina-pro-ceske-hrace-objevte-svt-zabavy-a-10/?path=//opt/python38/lib/python3.8/concurrent/futures/__pycache__ HTTP/2.0" 200 2918 "https://blog.theomggroup.com/2025/09/17/online-casina-pro-ceske-hrace-objevte-svt-zabavy-a-10/?path=//opt/python38/lib/python3.8/concurrent/futures" "Mozilla/5.0 AppleWebKit/537.36 (KHTML, like Gecko; compatible; GPTBot/1.3; +https://openai.com/gptbot)" 42 **0/42166**
74.7.227.143 - - [10/Mar/2026:05:42:20 -0700] "GET /2025/09/17/online-casina-pro-ceske-hrace-objevte-svt-zabavy-a-10/?path=//proc/thread-self/root/opt/alt/python36/lib64/python3.6/lib2to3/pgen2/__pycache__ HTTP/2.0" 200 3292 "https://blog.theomggroup.com/2025/09/17/online-casina-pro-ceske-hrace-objevte-svt-zabavy-a-10/?path=//proc/thread-self/root/opt/alt/python36/lib64/python3.6/lib2to3/pgen2" "Mozilla/5.0 AppleWebKit/537.36 (KHTML, like Gecko; compatible; GPTBot/1.3; +https://openai.com/gptbot)" 48 **0/48809**
74.7.227.143 - - [10/Mar/2026:05:42:21 -0700] "GET /2025/09/17/online-casina-pro-ceske-hrace-objevte-svt-zabavy-a-10/?path=//proc/thread-self/root/opt/alt/python39/lib64/python3.9/lib2to3/pgen2/__pycache__ HTTP/2.0" 200 3289 "https://blog.theomggroup.com/2025/09/17/online-casina-pro-ceske-hrace-objevte-svt-zabavy-a-10/?path=//proc/thread-self/root/opt/alt/python39/lib64/python3.9/lib2to3/pgen2" "Mozilla/5.0 AppleWebKit/537.36 (KHTML, like Gecko; compatible; GPTBot/1.3; +https://openai.com/gptbot)" 47 **0/47715**
74.7.227.143 - - [10/Mar/2026:05:42:21 -0700] "GET /2025/09/17/online-casina-pro-ceske-hrace-objevte-svt-zabavy-a-10/?path=//proc/thread-self/root/opt/alt/python34/lib64/python3.4/lib2to3/pgen2/__pycache__ HTTP/2.0" 200 3118 "https://blog.theomggroup.com/2025/09/17/online-casina-pro-ceske-hrace-objevte-svt-zabavy-a-10/?path=//proc/thread-self/root/opt/alt/python34/lib64/python3.4/lib2to3/pgen2" "Mozilla/5.0 AppleWebKit/537.36 (KHTML, like Gecko; compatible; GPTBot/1.3; +https://openai.com/gptbot)" 37 **0/37455**
216.73.216.51 - - [10/Mar/2026:05:42:22 -0700] "GET /2025/08/03/page-46?fileloc=%2F%2Fbin%2Fssh-copy-id&path=%2F%2Fbin HTTP/2.0" 403 4102 "-" "Mozilla/5.0 AppleWebKit/537.36 (KHTML, like Gecko; compatible; ClaudeBot/1.0; +claudebot@anthropic.com)" 40 **0/40200**
216.73.216.51 - - [10/Mar/2026:05:42:22 -0700] "GET /2025/08/03/page-46?fileloc=%2F%2Fbin%2Fnice&path=%2F%2Fbin HTTP/2.0" 403 4102 "-" "Mozilla/5.0 AppleWebKit/537.36 (KHTML, like Gecko; compatible; ClaudeBot/1.0; +claudebot@anthropic.com)" 54 **0/54830**
216.73.216.51 - - [10/Mar/2026:05:42:22 -0700] "GET /2025/08/03/page-46?fileloc=%2F%2Fbin%2Fbase64&path=%2F%2Fbin HTTP/2.0" 403 4102 "-" "Mozilla/5.0 AppleWebKit/537.36 (KHTML, like Gecko; compatible; ClaudeBot/1.0; +claudebot@anthropic.com)" 63 **0/63143**
216.73.216.51 - - [10/Mar/2026:05:42:22 -0700] "GET /2025/08/03/page-46?fileloc=%2F%2Fbin%2Freset&path=%2F%2Fbin HTTP/2.0" 403 4102 "-" "Mozilla/5.0 AppleWebKit/537.36 (KHTML, like Gecko; compatible; ClaudeBot/1.0; +claudebot@anthropic.com)" 75 **0/75093**
216.73.216.51 - - [10/Mar/2026:05:42:22 -0700] "GET /2025/08/03/page-46?fileloc=%2F%2Fbin%2Fat&path=%2F%2Fbin HTTP/2.0" 403 4102 "-" "Mozilla/5.0 AppleWebKit/537.36 (KHTML, like Gecko; compatible; ClaudeBot/1.0; +claudebot@anthropic.com)" 50 **0/50647**
74.7.227.143 - - [10/Mar/2026:05:42:22 -0700] "GET /2025/09/17/online-casina-pro-ceske-hrace-objevte-svt-zabavy-a-10/?path=//proc/thread-self/root/opt/alt/python33/lib64/python3.3/lib2to3/pgen2/__pycache__ HTTP/2.0" 200 3123 "https://blog.theomggroup.com/2025/09/17/online-casina-pro-ceske-hrace-objevte-svt-zabavy-a-10/?path=//proc/thread-self/root/opt/alt/python33/lib64/python3.3/lib2to3/pgen2" "Mozilla/5.0 AppleWebKit/537.36 (KHTML, like Gecko; compatible; GPTBot/1.3; +https://openai.com/gptbot)" 64 **0/64316**
216.73.216.51 - - [10/Mar/2026:05:42:22 -0700] "GET /2025/08/03/page-46?fileloc=%2F%2Fbin%2Funiq&path=%2F%2Fbin HTTP/2.0" 403 4102 "-" "Mozilla/5.0 AppleWebKit/537.36 (KHTML, like Gecko; compatible; ClaudeBot/1.0; +claudebot@anthropic.com)" 75 **0/75243**
216.73.216.51 - - [10/Mar/2026:05:42:22 -0700] "GET /2025/08/03/page-46?fileloc=%2F%2Fbin%2Fbase32&path=%2F%2Fbin HTTP/2.0" 403 4102 "-" "Mozilla/5.0 AppleWebKit/537.36 (KHTML, like Gecko; compatible; ClaudeBot/1.0; +claudebot@anthropic.com)" 57 **0/57469**
216.73.216.51 - - [10/Mar/2026:05:42:22 -0700] "GET /2025/08/03/page-46?fileloc=%2F%2Fetc%2Fbashrc&path=%2F%2Fetc HTTP/2.0" 403 4102 "-" "Mozilla/5.0 AppleWebKit/537.36 (KHTML, like Gecko; compatible; ClaudeBot/1.0; +claudebot@anthropic.com)" 58 **0/58418**
216.73.216.51 - - [10/Mar/2026:05:42:22 -0700] "GET /2025/08/03/page-46?fileloc=%2F%2Fbin%2Fwhich&path=%2F%2Fbin HTTP/2.0" 403 4102 "-" "Mozilla/5.0 AppleWebKit/537.36 (KHTML, like Gecko; compatible; ClaudeBot/1.0; +claudebot@anthropic.com)" 37 **0/37314**
216.73.216.51 - - [10/Mar/2026:05:42:22 -0700] "GET /2025/08/03/page-46?fileloc=%2F%2Fbin%2Fautoconf&path=%2F%2Fbin HTTP/2.0" 403 4102 "-" "Mozilla/5.0 AppleWebKit/537.36 (KHTML, like Gecko; compatible; ClaudeBot/1.0; +claudebot@anthropic.com)" 56 **0/56332**
216.73.216.51 - - [10/Mar/2026:05:42:22 -0700] "GET /2025/08/03/page-46?fileloc=%2F%2Fbin%2Fconvert&path=%2F%2Fbin HTTP/2.0" 403 4102 "-" "Mozilla/5.0 AppleWebKit/537.36 (KHTML, like Gecko; compatible; ClaudeBot/1.0; +claudebot@anthropic.com)" 54 **0/54442**
74.7.227.143 - - [10/Mar/2026:05:42:22 -0700] "GET /2025/09/17/online-casina-pro-ceske-hrace-objevte-svt-zabavy-a-10/?path=//proc/thread-self/root/opt/alt/python37/lib64/python3.7/lib2to3/pgen2/__pycache__ HTTP/2.0" 200 3285 "https://blog.theomggroup.com/2025/09/17/online-casina-pro-ceske-hrace-objevte-svt-zabavy-a-10/?path=//proc/thread-self/root/opt/alt/python37/lib64/python3.7/lib2to3/pgen2" "Mozilla/5.0 AppleWebKit/537.36 (KHTML, like Gecko; compatible; GPTBot/1.3; +https://openai.com/gptbot)" 46 **0/46649**
216.73.216.51 - - [10/Mar/2026:05:42:22 -0700] "GET /2025/08/03/page-46?fileloc=%2F%2Fbin%2Fmake&path=%2F%2Fbin HTTP/2.0" 403 4102 "-" "Mozilla/5.0 AppleWebKit/537.36 (KHTML, like Gecko; compatible; ClaudeBot/1.0; +claudebot@anthropic.com)" 45 **0/45596**
216.73.216.51 - - [10/Mar/2026:05:42:22 -0700] "GET /2025/08/03/page-46?fileloc=%2F%2Flib64%2Flibtalloc.so.2&path=%2F%2Flib64 HTTP/2.0" 403 4102 "-" "Mozilla/5.0 AppleWebKit/537.36 (KHTML, like Gecko; compatible; ClaudeBot/1.0; +claudebot@anthropic.com)" 43 **0/43874**
216.73.216.51 - - [10/Mar/2026:05:42:23 -0700] "GET /2025/08/03/page-46?fileloc=%2F%2Fbin%2Fmariadb-convert-table-format&path=%2F%2Fbin HTTP/2.0" 403 4102 "-" "Mozilla/5.0 AppleWebKit/537.36 (KHTML, like Gecko; compatible; ClaudeBot/1.0; +claudebot@anthropic.com)" 49 **0/49755**
216.73.216.51 - - [10/Mar/2026:05:42:23 -0700] "GET /2025/08/03/page-46?path=%2Fhome%2Fvmasmheia229%2Fpublic_html%2Fcgi-bin HTTP/2.0" 403 4102 "-" "Mozilla/5.0 AppleWebKit/537.36 (KHTML, like Gecko; compatible; ClaudeBot/1.0; +claudebot@anthropic.com)" 42 **0/42149**
216.73.216.51 - - [10/Mar/2026:05:42:23 -0700] "GET /2025/08/03/page-46?fileloc=%2F%2Fbin%2Fscreen&path=%2F%2Fbin HTTP/2.0" 403 4102 "-" "Mozilla/5.0 AppleWebKit/537.36 (KHTML, like Gecko; compatible; ClaudeBot/1.0; +claudebot@anthropic.com)" 43 **0/43113**
216.73.216.51 - - [10/Mar/2026:05:42:23 -0700] "GET /2025/08/03/page-46?fileloc=%2F%2Fbin%2Fcomposite&path=%2F%2Fbin HTTP/2.0" 403 4102 "-" "Mozilla/5.0 AppleWebKit/537.36 (KHTML, like Gecko; compatible; ClaudeBot/1.0; +claudebot@anthropic.com)" 52 **0/52401**
74.7.227.143 - - [10/Mar/2026:05:42:23 -0700] "GET /2025/09/17/online-casina-pro-ceske-hrace-objevte-svt-zabavy-a-10/?path=//proc/self/root/proc/thread-self/root/opt/alt/python-internal/lib64/python3.11/email/mime/__pycache__ HTTP/2.0" 200 3277 "https://blog.theomggroup.com/2025/09/17/online-casina-pro-ceske-hrace-objevte-svt-zabavy-a-10/?path=//proc/self/root/proc/thread-self/root/opt/alt/python-internal/lib64/python3.11/email/mime" "Mozilla/5.0 AppleWebKit/537.36 (KHTML, like Gecko; compatible; GPTBot/1.3; +https://openai.com/gptbot)" 42 **0/42221**
216.73.216.51 - - [10/Mar/2026:05:42:23 -0700] "GET /2025/08/03/page-46?fileloc=%2F%2Fbin%2Fidentify&path=%2F%2Fbin HTTP/2.0" 403 4102 "-" "Mozilla/5.0 AppleWebKit/537.36 (KHTML, like Gecko; compatible; ClaudeBot/1.0; +claudebot@anthropic.com)" 38 **0/38738**
216.73.216.51 - - [10/Mar/2026:05:42:23 -0700] "GET /2025/08/03/page-46?fileloc=%2F%2Fbin%2Fdig&path=%2F%2Fbin HTTP/2.0" 403 4102 "-" "Mozilla/5.0 AppleWebKit/537.36 (KHTML, like Gecko; compatible; ClaudeBot/1.0; +claudebot@anthropic.com)" 37 **0/37158**
216.73.216.51 - - [10/Mar/2026:05:42:23 -0700] "GET /2025/08/03/page-46?fileloc=%2F%2Fbin%2Fskill&path=%2F%2Fbin HTTP/2.0" 403 4102 "-" "Mozilla/5.0 AppleWebKit/537.36 (KHTML, like Gecko; compatible; ClaudeBot/1.0; +claudebot@anthropic.com)" 42 **0/42976**
216.73.216.51 - - [10/Mar/2026:05:42:23 -0700] "GET /2025/08/03/page-46?fileloc=%2F%2Fsbin%2Fgenrandom&path=%2F%2Fsbin HTTP/2.0" 403 4102 "-" "Mozilla/5.0 AppleWebKit/537.36 (KHTML, like Gecko; compatible; ClaudeBot/1.0; +claudebot@anthropic.com)" 47 **0/47120**
216.73.216.51 - - [10/Mar/2026:05:42:23 -0700] "GET /2025/08/03/page-46?fileloc=%2F%2Fbin%2Ftouch&path=%2F%2Fbin HTTP/2.0" 403 4102 "-" "Mozilla/5.0 AppleWebKit/537.36 (KHTML, like Gecko; compatible; ClaudeBot/1.0; +claudebot@anthropic.com)" 47 **0/47694**
216.73.216.51 - - [10/Mar/2026:05:42:23 -0700] "GET /2025/08/03/page-46?fileloc=%2F%2Fbin%2Fgawk&path=%2F%2Fbin HTTP/2.0" 403 4102 "-" "Mozilla/5.0 AppleWebKit/537.36 (KHTML, like Gecko; compatible; ClaudeBot/1.0; +claudebot@anthropic.com)" 36 **0/36708**
74.7.227.143 - - [10/Mar/2026:05:42:23 -0700] "GET /2025/09/17/online-casina-pro-ceske-hrace-objevte-svt-zabavy-a-10/?path=//proc/4015571/root/proc/self/root/opt/alt/php70 HTTP/2.0" 200 2385 "https://blog.theomggroup.com/2025/09/17/online-casina-pro-ceske-hrace-objevte-svt-zabavy-a-10/?path=//proc/4015571/root/proc/self/root/opt/alt" "Mozilla/5.0 AppleWebKit/537.36 (KHTML, like Gecko; compatible; GPTBot/1.3; +https://openai.com/gptbot)" 39 **0/39966**
216.73.216.51 - - [10/Mar/2026:05:42:23 -0700] "GET /2025/08/03/page-46?path=%2F%2Flib64%2Fhmaccalc HTTP/2.0" 403 4102 "-" "Mozilla/5.0 AppleWebKit/537.36 (KHTML, like Gecko; compatible; ClaudeBot/1.0; +claudebot@anthropic.com)" 43 **0/43971**
216.73.216.51 - - [10/Mar/2026:05:42:24 -0700] "GET /2025/08/03/page-46?fileloc=%2F%2Fbin%2Fifnames&path=%2F%2Fbin HTTP/2.0" 403 4102 "-" "Mozilla/5.0 AppleWebKit/537.36 (KHTML, like Gecko; compatible; ClaudeBot/1.0; +claudebot@anthropic.com)" 57 **0/57140**
216.73.216.51 - - [10/Mar/2026:05:42:24 -0700] "GET /2025/08/03/page-46?path=%2Fhome%2Fvmasmheia229%2Fpublic_html%2F_html2012 HTTP/2.0" 403 4102 "-" "Mozilla/5.0 AppleWebKit/537.36 (KHTML, like Gecko; compatible; ClaudeBot/1.0; +claudebot@anthropic.com)" 42 **0/42508**
216.73.216.51 - - [10/Mar/2026:05:42:24 -0700] "GET /2025/08/03/page-46?fileloc=%2F%2Fbin%2Fpkg-config&path=%2F%2Fbin HTTP/2.0" 403 4102 "-" "Mozilla/5.0 AppleWebKit/537.36 (KHTML, like Gecko; compatible; ClaudeBot/1.0; +claudebot@anthropic.com)" 42 **0/42261**
216.73.216.51 - - [10/Mar/2026:05:42:24 -0700] "GET /2025/08/03/page-46?fileloc=%2F%2Fbin%2Fhost&path=%2F%2Fbin HTTP/2.0" 403 4102 "-" "Mozilla/5.0 AppleWebKit/537.36 (KHTML, like Gecko; compatible; ClaudeBot/1.0; +claudebot@anthropic.com)" 38 **0/38389**
74.7.227.143 - - [10/Mar/2026:05:42:24 -0700] "GET /2025/09/17/online-casina-pro-ceske-hrace-objevte-svt-zabavy-a-10/?path=//proc/4015571/root/proc/self/root/opt/alt/php85 HTTP/2.0" 200 2383 "https://blog.theomggroup.com/2025/09/17/online-casina-pro-ceske-hrace-objevte-svt-zabavy-a-10/?path=//proc/4015571/root/proc/self/root/opt/alt" "Mozilla/5.0 AppleWebKit/537.36 (KHTML, like Gecko; compatible; GPTBot/1.3; +https://openai.com/gptbot)" 39 **0/39896**
216.73.216.51 - - [10/Mar/2026:05:42:24 -0700] "GET /2025/08/03/page-46?fileloc=%2F%2Fbin%2Fping&path=%2F%2Fbin HTTP/2.0" 403 4102 "-" "Mozilla/5.0 AppleWebKit/537.36 (KHTML, like Gecko; compatible; ClaudeBot/1.0; +claudebot@anthropic.com)" 47 **0/47708**
216.73.216.51 - - [10/Mar/2026:05:42:24 -0700] "GET /2025/08/03/page-46?fileloc=%2F%2Fbin%2Frview&path=%2F%2Fbin HTTP/2.0" 403 4102 "-" "Mozilla/5.0 AppleWebKit/537.36 (KHTML, like Gecko; compatible; ClaudeBot/1.0; +claudebot@anthropic.com)" 58 **0/58154**
216.73.216.51 - - [10/Mar/2026:05:42:24 -0700] "GET /2025/08/03/page-46?path=%2F%2Flib64%2Ftcl8.6 HTTP/2.0" 403 4104 "-" "Mozilla/5.0 AppleWebKit/537.36 (KHTML, like Gecko; compatible; ClaudeBot/1.0; +claudebot@anthropic.com)" 38 **0/38185**
216.73.216.51 - - [10/Mar/2026:05:42:24 -0700] "GET /2025/08/03/page-46?path=%2Fhome%2Fvmasmheia229%2Fpublic_html%2Fcss HTTP/2.0" 403 4104 "-" "Mozilla/5.0 AppleWebKit/537.36 (KHTML, like Gecko; compatible; ClaudeBot/1.0; +claudebot@anthropic.com)" 36 **0/36853**
216.73.216.51 - - [10/Mar/2026:05:42:24 -0700] "GET /2025/08/03/page-46?path=%2Fhome%2Fvmasmheia229%2Fpublic_html%2FhtmlCHRIS HTTP/2.0" 403 4104 "-" "Mozilla/5.0 AppleWebKit/537.36 (KHTML, like Gecko; compatible; ClaudeBot/1.0; +claudebot@anthropic.com)" 36 **0/36991**
216.73.216.51 - - [10/Mar/2026:05:42:24 -0700] "GET /2025/08/03/page-46?fileloc=%2F%2Fbin%2Ftest&path=%2F%2Fbin HTTP/2.0" 403 4104 "-" "Mozilla/5.0 AppleWebKit/537.36 (KHTML, like Gecko; compatible; ClaudeBot/1.0; +claudebot@anthropic.com)" 35 **0/35446**
74.7.227.143 - - [10/Mar/2026:05:42:24 -0700] "GET /2025/09/17/online-casina-pro-ceske-hrace-objevte-svt-zabavy-a-10/?path=//proc/4015571/root/proc/self/root/opt/alt/php81 HTTP/2.0" 200 2385 "https://blog.theomggroup.com/2025/09/17/online-casina-pro-ceske-hrace-objevte-svt-zabavy-a-10/?path=//proc/4015571/root/proc/self/root/opt/alt" "Mozilla/5.0 AppleWebKit/537.36 (KHTML, like Gecko; compatible; GPTBot/1.3; +https://openai.com/gptbot)" 45 **0/45716**
216.73.216.51 - - [10/Mar/2026:05:42:24 -0700] "GET /2025/08/03/page-46?fileloc=%2F%2Fbin%2Fwp&path=%2F%2Fbin HTTP/2.0" 403 4104 "-" "Mozilla/5.0 AppleWebKit/537.36 (KHTML, like Gecko; compatible; ClaudeBot/1.0; +claudebot@anthropic.com)" 36 **0/36315**
216.73.216.51 - - [10/Mar/2026:05:42:25 -0700] "GET /2025/08/03/page-46?fileloc=%2F%2Fbin%2Fpodselect&path=%2F%2Fbin HTTP/2.0" 403 4104 "-" "Mozilla/5.0 AppleWebKit/537.36 (KHTML, like Gecko; compatible; ClaudeBot/1.0; +claudebot@anthropic.com)" 36 **0/36709**
216.73.216.51 - - [10/Mar/2026:05:42:25 -0700] "GET /2025/08/03/page-46?fileloc=%2F%2Fbin%2Fstream&path=%2F%2Fbin HTTP/2.0" 403 4104 "-" "Mozilla/5.0 AppleWebKit/537.36 (KHTML, like Gecko; compatible; ClaudeBot/1.0; +claudebot@anthropic.com)" 35 **0/35851**
216.73.216.51 - - [10/Mar/2026:05:42:25 -0700] "GET /2025/08/03/page-46?fileloc=%2F%2Fsbin%2Faccessdb&path=%2F%2Fsbin HTTP/2.0" 403 4104 "-" "Mozilla/5.0 AppleWebKit/537.36 (KHTML, like Gecko; compatible; ClaudeBot/1.0; +claudebot@anthropic.com)" 48 **0/48094**
216.73.216.51 - - [10/Mar/2026:05:42:25 -0700] "GET /2025/08/03/page-46?fileloc=%2F%2Fbin%2Fchrt&path=%2F%2Fbin HTTP/2.0" 403 4104 "-" "Mozilla/5.0 AppleWebKit/537.36 (KHTML, like Gecko; compatible; ClaudeBot/1.0; +claudebot@anthropic.com)" 45 **0/45076**
74.7.227.143 - - [10/Mar/2026:05:42:25 -0700] "GET /2025/09/17/online-casina-pro-ceske-hrace-objevte-svt-zabavy-a-10/?path=//proc/4015571/root/proc/self/root/opt/alt/php74 HTTP/2.0" 200 2385 "https://blog.theomggroup.com/2025/09/17/online-casina-pro-ceske-hrace-objevte-svt-zabavy-a-10/?path=//proc/4015571/root/proc/self/root/opt/alt" "Mozilla/5.0 AppleWebKit/537.36 (KHTML, like Gecko; compatible; GPTBot/1.3; +https://openai.com/gptbot)" 36 **0/36179**
216.73.216.51 - - [10/Mar/2026:05:42:25 -0700] "GET /2025/08/03/page-46?fileloc=%2F%2Fbin%2Futmpdump&path=%2F%2Fbin HTTP/2.0" 403 4104 "-" "Mozilla/5.0 AppleWebKit/537.36 (KHTML, like Gecko; compatible; ClaudeBot/1.0; +claudebot@anthropic.com)" 38 **0/38559**
216.73.216.51 - - [10/Mar/2026:05:42:25 -0700] "GET /2025/08/03/page-46?fileloc=%2F%2Fbin%2Funexpand&path=%2F%2Fbin HTTP/2.0" 403 4104 "-" "Mozilla/5.0 AppleWebKit/537.36 (KHTML, like Gecko; compatible; ClaudeBot/1.0; +claudebot@anthropic.com)" 35 **0/35884**
216.73.216.51 - - [10/Mar/2026:05:42:25 -0700] "GET /2025/08/03/page-46?fileloc=%2F%2Fbin%2Fbison&path=%2F%2Fbin HTTP/2.0" 403 4104 "-" "Mozilla/5.0 AppleWebKit/537.36 (KHTML, like Gecko; compatible; ClaudeBot/1.0; +claudebot@anthropic.com)" 38 **0/38035**
216.73.216.51 - - [10/Mar/2026:05:42:25 -0700] "GET /2025/08/03/page-46?fileloc=%2F%2Fbin%2Fnumfmt&path=%2F%2Fbin HTTP/2.0" 403 4104 "-" "Mozilla/5.0 AppleWebKit/537.36 (KHTML, like Gecko; compatible; ClaudeBot/1.0; +claudebot@anthropic.com)" 41 **0/41160**
216.73.216.51 - - [10/Mar/2026:05:42:25 -0700] "GET /2025/08/03/page-46?fileloc=%2F%2Fbin%2Fvdir&path=%2F%2Fbin HTTP/2.0" 403 4104 "-" "Mozilla/5.0 AppleWebKit/537.36 (KHTML, like Gecko; compatible; ClaudeBot/1.0; +claudebot@anthropic.com)" 35 **0/35236**
216.73.216.51 - - [10/Mar/2026:05:42:25 -0700] "GET /2025/08/03/page-46?fileloc=%2F%2Fbin%2Fcolumn&path=%2F%2Fbin HTTP/2.0" 403 4104 "-" "Mozilla/5.0 AppleWebKit/537.36 (KHTML, like Gecko; compatible; ClaudeBot/1.0; +claudebot@anthropic.com)" 36 **0/36567**
74.7.227.143 - - [10/Mar/2026:05:42:25 -0700] "GET /2025/09/17/online-casina-pro-ceske-hrace-objevte-svt-zabavy-a-10/?fileloc=//opt/python38/lib/python3.8/concurrent/futures/__pycache__/_base.cpython-38.opt-1.pyc&path=//opt/python38/lib/python3.8/concurrent/futures/__pycache__ HTTP/2.0" 200 2348 "https://blog.theomggroup.com/2025/09/17/online-casina-pro-ceske-hrace-objevte-svt-zabavy-a-10/?path=//opt/python38/lib/python3.8/concurrent/futures/__pycache__" "Mozilla/5.0 AppleWebKit/537.36 (KHTML, like Gecko; compatible; GPTBot/1.3; +https://openai.com/gptbot)" 39 **0/39090**
216.73.216.51 - - [10/Mar/2026:05:42:25 -0700] "GET /2025/08/03/page-46?path=%2F%2Flib64%2Faspell-0.60 HTTP/2.0" 403 4104 "-" "Mozilla/5.0 AppleWebKit/537.36 (KHTML, like Gecko; compatible; ClaudeBot/1.0; +claudebot@anthropic.com)" 40 **0/40921**
216.73.216.51 - - [10/Mar/2026:05:42:26 -0700] "GET /2025/08/03/page-46?fileloc=%2F%2Fbin%2Ftoe&path=%2F%2Fbin HTTP/2.0" 403 4104 "-" "Mozilla/5.0 AppleWebKit/537.36 (KHTML, like Gecko; compatible; ClaudeBot/1.0; +claudebot@anthropic.com)" 59 **0/59691**
216.73.216.51 - - [10/Mar/2026:05:42:26 -0700] "GET /2025/08/03/page-46?fileloc=%2F%2Fbin%2Fx86_64-redhat-linux-g++&path=%2F%2Fbin HTTP/2.0" 403 4104 "-" "Mozilla/5.0 AppleWebKit/537.36 (KHTML, like Gecko; compatible; ClaudeBot/1.0; +claudebot@anthropic.com)" 50 **0/50080**
216.73.216.51 - - [10/Mar/2026:05:42:26 -0700] "GET /2025/08/03/page-46?fileloc=%2F%2Flib64%2Flibhdf5_cpp.so.103&path=%2F%2Flib64 HTTP/2.0" 403 4104 "-" "Mozilla/5.0 AppleWebKit/537.36 (KHTML, like Gecko; compatible; ClaudeBot/1.0; +claudebot@anthropic.com)" 49 **0/49316**
216.73.216.51 - - [10/Mar/2026:05:42:26 -0700] "GET /2025/08/03/page-46?fileloc=%2F%2Fbin%2Fdirname&path=%2F%2Fbin HTTP/2.0" 403 4104 "-" "Mozilla/5.0 AppleWebKit/537.36 (KHTML, like Gecko; compatible; ClaudeBot/1.0; +claudebot@anthropic.com)" 59 **0/59178**
216.73.216.51 - - [10/Mar/2026:05:42:26 -0700] "GET /2025/08/03/page-46?fileloc=%2F%2Fbin%2Fmkdir&path=%2F%2Fbin HTTP/2.0" 403 4104 "-" "Mozilla/5.0 AppleWebKit/537.36 (KHTML, like Gecko; compatible; ClaudeBot/1.0; +claudebot@anthropic.com)" 40 **0/40294**
74.7.227.143 - - [10/Mar/2026:05:42:26 -0700] "GET /2025/09/17/online-casina-pro-ceske-hrace-objevte-svt-zabavy-a-10/?path=//proc/4015571/root/proc/self/root/opt/alt/php80 HTTP/2.0" 200 2385 "https://blog.theomggroup.com/2025/09/17/online-casina-pro-ceske-hrace-objevte-svt-zabavy-a-10/?path=//proc/4015571/root/proc/self/root/opt/alt" "Mozilla/5.0 AppleWebKit/537.36 (KHTML, like Gecko; compatible; GPTBot/1.3; +https://openai.com/gptbot)" 43 **0/43575**
216.73.216.51 - - [10/Mar/2026:05:42:26 -0700] "GET /2025/08/03/page-46?fileloc=%2F%2Fbin%2Fselectorctl&path=%2F%2Fbin HTTP/2.0" 403 4104 "-" "Mozilla/5.0 AppleWebKit/537.36 (KHTML, like Gecko; compatible; ClaudeBot/1.0; +claudebot@anthropic.com)" 56 **0/56882**
216.73.216.51 - - [10/Mar/2026:05:42:26 -0700] "GET /2025/08/03/page-46?fileloc=%2F%2Fbin%2Fcsplit&path=%2F%2Fbin HTTP/2.0" 403 4104 "-" "Mozilla/5.0 AppleWebKit/537.36 (KHTML, like Gecko; compatible; ClaudeBot/1.0; +claudebot@anthropic.com)" 36 **0/36209**
216.73.216.51 - - [10/Mar/2026:05:42:26 -0700] "GET /2025/08/03/page-46?fileloc=%2F%2Fbin%2Fpkill&path=%2F%2Fbin HTTP/2.0" 403 4104 "-" "Mozilla/5.0 AppleWebKit/537.36 (KHTML, like Gecko; compatible; ClaudeBot/1.0; +claudebot@anthropic.com)" 41 **0/41148**
216.73.216.51 - - [10/Mar/2026:05:42:26 -0700] "GET /2025/08/03/page-46?fileloc=%2F%2Fbin%2Fssh-keygen&path=%2F%2Fbin HTTP/2.0" 403 4104 "-" "Mozilla/5.0 AppleWebKit/537.36 (KHTML, like Gecko; compatible; ClaudeBot/1.0; +claudebot@anthropic.com)" 38 **0/38574**
216.73.216.51 - - [10/Mar/2026:05:42:26 -0700] "GET /2025/08/03/page-46?path=%2F%2Flib64%2Fnagios HTTP/2.0" 403 4104 "-" "Mozilla/5.0 AppleWebKit/537.36 (KHTML, like Gecko; compatible; ClaudeBot/1.0; +claudebot@anthropic.com)" 41 **0/41614**
216.73.216.51 - - [10/Mar/2026:05:42:26 -0700] "GET /2025/08/03/page-46?path=%2F%2Flib%2Fprometheus_metrics HTTP/2.0" 403 4104 "-" "Mozilla/5.0 AppleWebKit/537.36 (KHTML, like Gecko; compatible; ClaudeBot/1.0; +claudebot@anthropic.com)" 47 **0/47267**
74.7.227.143 - - [10/Mar/2026:05:42:26 -0700] "GET /2025/09/17/online-casina-pro-ceske-hrace-objevte-svt-zabavy-a-10/?fileloc=//proc/thread-self/root/opt/alt/python39/lib64/python3.9/lib2to3/pgen2/__pycache__/parse.cpython-39.pyc&path=//proc/thread-self/root/opt/alt/python39/lib64/python3.9/lib2to3/pgen2/__pycache__ HTTP/2.0" 200 2388 "https://blog.theomggroup.com/2025/09/17/online-casina-pro-ceske-hrace-objevte-svt-zabavy-a-10/?path=//proc/thread-self/root/opt/alt/python39/lib64/python3.9/lib2to3/pgen2/__pycache__" "Mozilla/5.0 AppleWebKit/537.36 (KHTML, like Gecko; compatible; GPTBot/1.3; +https://openai.com/gptbot)" 47 **0/47474**
216.73.216.51 - - [10/Mar/2026:05:42:27 -0700] "GET /2025/08/03/page-46?fileloc=%2F%2Fbin%2Fchmod&path=%2F%2Fbin HTTP/2.0" 403 4104 "-" "Mozilla/5.0 AppleWebKit/537.36 (KHTML, like Gecko; compatible; ClaudeBot/1.0; +claudebot@anthropic.com)" 45 **0/45566**
216.73.216.51 - - [10/Mar/2026:05:42:27 -0700] "GET /2025/08/03/page-46?fileloc=%2F%2Fsbin%2Fpluginviewer&path=%2F%2Fsbin HTTP/2.0" 403 4104 "-" "Mozilla/5.0 AppleWebKit/537.36 (KHTML, like Gecko; compatible; ClaudeBot/1.0; +claudebot@anthropic.com)" 99 **0/99444**
216.73.216.51 - - [10/Mar/2026:05:42:27 -0700] "GET /2025/08/03/page-46?fileloc=%2F%2Fbin%2Fmysql_waitpid&path=%2F%2Fbin HTTP/2.0" 403 4104 "-" "Mozilla/5.0 AppleWebKit/537.36 (KHTML, like Gecko; compatible; ClaudeBot/1.0; +claudebot@anthropic.com)" 56 **0/56993**
216.73.216.51 - - [10/Mar/2026:05:42:27 -0700] "GET /2025/08/03/page-46?fileloc=%2F%2Fbin%2Ffc-cache-64&path=%2F%2Fbin HTTP/2.0" 403 4104 "-" "Mozilla/5.0 AppleWebKit/537.36 (KHTML, like Gecko; compatible; ClaudeBot/1.0; +claudebot@anthropic.com)" 59 **0/59255**
216.73.216.51 - - [10/Mar/2026:05:42:27 -0700] "GET /2025/08/03/page-46?fileloc=%2F%2Fsbin%2Ftmpwatch&path=%2F%2Fsbin HTTP/2.0" 403 4104 "-" "Mozilla/5.0 AppleWebKit/537.36 (KHTML, like Gecko; compatible; ClaudeBot/1.0; +claudebot@anthropic.com)" 71 **0/71999**
74.7.227.143 - - [10/Mar/2026:05:42:27 -0700] "GET /2025/09/17/online-casina-pro-ceske-hrace-objevte-svt-zabavy-a-10/?path=//proc/4015571/root/proc/self/root/opt/alt/php82 HTTP/2.0" 200 2383 "https://blog.theomggroup.com/2025/09/17/online-casina-pro-ceske-hrace-objevte-svt-zabavy-a-10/?path=//proc/4015571/root/proc/self/root/opt/alt" "Mozilla/5.0 AppleWebKit/537.36 (KHTML, like Gecko; compatible; GPTBot/1.3; +https://openai.com/gptbot)" 54 **0/54843**
216.73.216.51 - - [10/Mar/2026:05:42:27 -0700] "GET /2025/08/03/page-46?fileloc=%2F%2Fsbin%2Fsendmail&path=%2F%2Fsbin HTTP/2.0" 403 4104 "-" "Mozilla/5.0 AppleWebKit/537.36 (KHTML, like Gecko; compatible; ClaudeBot/1.0; +claudebot@anthropic.com)" 61 **0/61304**
216.73.216.51 - - [10/Mar/2026:05:42:27 -0700] "GET /2025/08/03/page-46?path=%2Fhome%2Fvmasmheia229%2Fpublic_html%2Fdev2 HTTP/2.0" 403 4104 "-" "Mozilla/5.0 AppleWebKit/537.36 (KHTML, like Gecko; compatible; ClaudeBot/1.0; +claudebot@anthropic.com)" 36 **0/36584**
216.73.216.51 - - [10/Mar/2026:05:42:27 -0700] "GET /2025/08/03/page-46?fileloc=%2F%2Fbin%2Fsetterm&path=%2F%2Fbin HTTP/2.0" 403 4104 "-" "Mozilla/5.0 AppleWebKit/537.36 (KHTML, like Gecko; compatible; ClaudeBot/1.0; +claudebot@anthropic.com)" 48 **0/48275**
216.73.216.51 - - [10/Mar/2026:05:42:27 -0700] "GET /2025/08/03/page-46?path=%2F%2Flib64%2FImageMagick-6.9.13 HTTP/2.0" 403 4104 "-" "Mozilla/5.0 AppleWebKit/537.36 (KHTML, like Gecko; compatible; ClaudeBot/1.0; +claudebot@anthropic.com)" 42 **0/42739**
216.73.216.51 - - [10/Mar/2026:05:42:27 -0700] "GET /2025/08/03/page-46?path=%2F%2Flib%2Fkcare HTTP/2.0" 403 4104 "-" "Mozilla/5.0 AppleWebKit/537.36 (KHTML, like Gecko; compatible; ClaudeBot/1.0; +claudebot@anthropic.com)" 44 **0/44868**
216.73.216.51 - - [10/Mar/2026:05:42:27 -0700] "GET /2025/08/03/page-46?fileloc=%2F%2Fbin%2Fssh-add&path=%2F%2Fbin HTTP/2.0" 403 4104 "-" "Mozilla/5.0 AppleWebKit/537.36 (KHTML, like Gecko; compatible; ClaudeBot/1.0; +claudebot@anthropic.com)" 42 **0/42449**
216.73.216.51 - - [10/Mar/2026:05:42:28 -0700] "GET /2025/08/03/page-46?fileloc=%2F%2Fbin%2Ftmpwatch&path=%2F%2Fbin HTTP/2.0" 403 4104 "-" "Mozilla/5.0 AppleWebKit/537.36 (KHTML, like Gecko; compatible; ClaudeBot/1.0; +claudebot@anthropic.com)" 63 **0/63873**
74.7.227.143 - - [10/Mar/2026:05:42:28 -0700] "GET /2025/09/17/online-casina-pro-ceske-hrace-objevte-svt-zabavy-a-10/?path=//proc/4015571/root/proc/self/root/opt/alt/php54 HTTP/2.0" 200 2383 "https://blog.theomggroup.com/2025/09/17/online-casina-pro-ceske-hrace-objevte-svt-zabavy-a-10/?path=//proc/4015571/root/proc/self/root/opt/alt" "Mozilla/5.0 AppleWebKit/537.36 (KHTML, like Gecko; compatible; GPTBot/1.3; +https://openai.com/gptbot)" 67 **0/67678**
216.73.216.51 - - [10/Mar/2026:05:42:28 -0700] "GET /2025/08/03/page-46?fileloc=%2F%2Fbin%2Fssh-keyscan&path=%2F%2Fbin HTTP/2.0" 403 4104 "-" "Mozilla/5.0 AppleWebKit/537.36 (KHTML, like Gecko; compatible; ClaudeBot/1.0; +claudebot@anthropic.com)" 44 **0/44042**
216.73.216.51 - - [10/Mar/2026:05:42:28 -0700] "GET /2025/08/03/page-46?fileloc=%2F%2Fbin%2Fflex&path=%2F%2Fbin HTTP/2.0" 403 4104 "-" "Mozilla/5.0 AppleWebKit/537.36 (KHTML, like Gecko; compatible; ClaudeBot/1.0; +claudebot@anthropic.com)" 73 **0/73890**
216.73.216.51 - - [10/Mar/2026:05:42:28 -0700] "GET /2025/08/03/page-46?path=%2F%2Flib64%2Fguile HTTP/2.0" 403 4104 "-" "Mozilla/5.0 AppleWebKit/537.36 (KHTML, like Gecko; compatible; ClaudeBot/1.0; +claudebot@anthropic.com)" 48 **0/48620**
216.73.216.51 - - [10/Mar/2026:05:42:28 -0700] "GET /2025/08/03/page-46?path=%2F%2Flib64%2Fruby HTTP/2.0" 403 4104 "-" "Mozilla/5.0 AppleWebKit/537.36 (KHTML, like Gecko; compatible; ClaudeBot/1.0; +claudebot@anthropic.com)" 46 **0/46851**
216.73.216.51 - - [10/Mar/2026:05:42:28 -0700] "GET /2025/08/03/page-46?fileloc=%2F%2Fbin%2Fxmlcatalog&path=%2F%2Fbin HTTP/2.0" 403 4104 "-" "Mozilla/5.0 AppleWebKit/537.36 (KHTML, like Gecko; compatible; ClaudeBot/1.0; +claudebot@anthropic.com)" 40 **0/40978**
74.7.227.143 - - [10/Mar/2026:05:42:28 -0700] "GET /2025/09/17/online-casina-pro-ceske-hrace-objevte-svt-zabavy-a-10/?fileloc=//proc/thread-self/root/opt/alt/python37/lib64/python3.7/lib2to3/pgen2/__pycache__/token.cpython-37.pyc&path=//proc/thread-self/root/opt/alt/python37/lib64/python3.7/lib2to3/pgen2/__pycache__ HTTP/2.0" 200 2389 "https://blog.theomggroup.com/2025/09/17/online-casina-pro-ceske-hrace-objevte-svt-zabavy-a-10/?path=//proc/thread-self/root/opt/alt/python37/lib64/python3.7/lib2to3/pgen2/__pycache__" "Mozilla/5.0 AppleWebKit/537.36 (KHTML, like Gecko; compatible; GPTBot/1.3; +https://openai.com/gptbot)" 64 **0/64231**
216.73.216.51 - - [10/Mar/2026:05:42:28 -0700] "GET /2025/08/03/page-46?path=%2F%2Fopt%2Fliblve HTTP/2.0" 403 4104 "-" "Mozilla/5.0 AppleWebKit/537.36 (KHTML, like Gecko; compatible; ClaudeBot/1.0; +claudebot@anthropic.com)" 51 **0/51014**
216.73.216.51 - - [10/Mar/2026:05:42:28 -0700] "GET /2025/08/03/page-46?fileloc=%2F%2Fbin%2Ffc-query&path=%2F%2Fbin HTTP/2.0" 403 4104 "-" "Mozilla/5.0 AppleWebKit/537.36 (KHTML, like Gecko; compatible; ClaudeBot/1.0; +claudebot@anthropic.com)" 45 **0/45797**
216.73.216.51 - - [10/Mar/2026:05:42:28 -0700] "GET /2025/08/03/page-46?fileloc=%2F%2Fbin%2Ffalse&path=%2F%2Fbin HTTP/2.0" 403 4104 "-" "Mozilla/5.0 AppleWebKit/537.36 (KHTML, like Gecko; compatible; ClaudeBot/1.0; +claudebot@anthropic.com)" 43 **0/43737**
216.73.216.51 - - [10/Mar/2026:05:42:28 -0700] "GET /2025/08/03/page-46?fileloc=%2F%2Fbin%2Fxmlwf&path=%2F%2Fbin HTTP/2.0" 403 4104 "-" "Mozilla/5.0 AppleWebKit/537.36 (KHTML, like Gecko; compatible; ClaudeBot/1.0; +claudebot@anthropic.com)" 45 **0/45703**
216.73.216.51 - - [10/Mar/2026:05:42:28 -0700] "GET /2025/08/03/page-46?fileloc=%2F%2Fbin%2Flibtoolize&path=%2F%2Fbin HTTP/2.0" 403 4104 "-" "Mozilla/5.0 AppleWebKit/537.36 (KHTML, like Gecko; compatible; ClaudeBot/1.0; +claudebot@anthropic.com)" 47 **0/47536**
216.73.216.51 - - [10/Mar/2026:05:42:29 -0700] "GET /2025/08/03/page-46?fileloc=%2F%2Fbin%2Fpgrep&path=%2F%2Fbin HTTP/2.0" 403 4104 "-" "Mozilla/5.0 AppleWebKit/537.36 (KHTML, like Gecko; compatible; ClaudeBot/1.0; +claudebot@anthropic.com)" 41 **0/41854**
74.7.227.143 - - [10/Mar/2026:05:42:29 -0700] "GET /2025/09/17/online-casina-pro-ceske-hrace-objevte-svt-zabavy-a-10/?fileloc=//proc/self/root/proc/thread-self/root/opt/alt/python-internal/lib64/python3.11/email/mime/__pycache__/nonmultipart.cpython-311.pyc&path=//proc/self/root/proc/thread-self/root/opt/alt/python-internal/lib64/python3.11/email/mime/__pycache__ HTTP/2.0" 200 2411 "https://blog.theomggroup.com/2025/09/17/online-casina-pro-ceske-hrace-objevte-svt-zabavy-a-10/?path=//proc/self/root/proc/thread-self/root/opt/alt/python-internal/lib64/python3.11/email/mime/__pycache__" "Mozilla/5.0 AppleWebKit/537.36 (KHTML, like Gecko; compatible; GPTBot/1.3; +https://openai.com/gptbot)" 53 **0/53480**
216.73.216.51 - - [10/Mar/2026:05:42:29 -0700] "GET /2025/08/03/page-46?fileloc=%2F%2Fbin%2Fpkgconf&path=%2F%2Fbin HTTP/2.0" 403 4104 "-" "Mozilla/5.0 AppleWebKit/537.36 (KHTML, like Gecko; compatible; ClaudeBot/1.0; +claudebot@anthropic.com)" 45 **0/45415**
216.73.216.51 - - [10/Mar/2026:05:42:29 -0700] "GET /2025/08/03/page-46?fileloc=%2F%2Fbin%2Fseq&path=%2F%2Fbin HTTP/2.0" 403 4104 "-" "Mozilla/5.0 AppleWebKit/537.36 (KHTML, like Gecko; compatible; ClaudeBot/1.0; +claudebot@anthropic.com)" 51 **0/51390**
216.73.216.51 - - [10/Mar/2026:05:42:29 -0700] "GET /2025/08/03/page-46?path=%2F%2Flib64%2Fkrb5 HTTP/2.0" 403 4104 "-" "Mozilla/5.0 AppleWebKit/537.36 (KHTML, like Gecko; compatible; ClaudeBot/1.0; +claudebot@anthropic.com)" 43 **0/43043**
216.73.216.51 - - [10/Mar/2026:05:42:29 -0700] "GET /2025/08/03/page-46?fileloc=%2F%2Fbin%2Funzipsfx&path=%2F%2Fbin HTTP/2.0" 403 4104 "-" "Mozilla/5.0 AppleWebKit/537.36 (KHTML, like Gecko; compatible; ClaudeBot/1.0; +claudebot@anthropic.com)" 52 **0/52182**
216.73.216.51 - - [10/Mar/2026:05:42:29 -0700] "GET /2025/08/03/page-46?fileloc=%2F%2Fbin%2Fbzcmp&path=%2F%2Fbin HTTP/2.0" 403 4104 "-" "Mozilla/5.0 AppleWebKit/537.36 (KHTML, like Gecko; compatible; ClaudeBot/1.0; +claudebot@anthropic.com)" 59 **0/59916**
216.73.216.51 - - [10/Mar/2026:05:42:29 -0700] "GET /2025/08/03/page-46?fileloc=%2F%2Fbin%2Fpost-grohtml&path=%2F%2Fbin HTTP/2.0" 403 4104 "-" "Mozilla/5.0 AppleWebKit/537.36 (KHTML, like Gecko; compatible; ClaudeBot/1.0; +claudebot@anthropic.com)" 41 **0/41032**
74.7.227.143 - - [10/Mar/2026:05:42:29 -0700] "GET /2025/09/17/online-casina-pro-ceske-hrace-objevte-svt-zabavy-a-10/?path=//proc/4015571/root/proc/self/root/opt/alt/php71 HTTP/2.0" 200 2384 "https://blog.theomggroup.com/2025/09/17/online-casina-pro-ceske-hrace-objevte-svt-zabavy-a-10/?path=//proc/4015571/root/proc/self/root/opt/alt" "Mozilla/5.0 AppleWebKit/537.36 (KHTML, like Gecko; compatible; GPTBot/1.3; +https://openai.com/gptbot)" 51 **0/51193**
216.73.216.51 - - [10/Mar/2026:05:42:29 -0700] "GET /2025/08/03/page-46?fileloc=%2F%2Fbin%2Fpre-grohtml&path=%2F%2Fbin HTTP/2.0" 403 4104 "-" "Mozilla/5.0 AppleWebKit/537.36 (KHTML, like Gecko; compatible; ClaudeBot/1.0; +claudebot@anthropic.com)" 46 **0/46808**
216.73.216.51 - - [10/Mar/2026:05:42:29 -0700] "GET /2025/08/03/page-46?fileloc=%2F%2Fbin%2Fdir&path=%2F%2Fbin HTTP/2.0" 403 4104 "-" "Mozilla/5.0 AppleWebKit/537.36 (KHTML, like Gecko; compatible; ClaudeBot/1.0; +claudebot@anthropic.com)" 42 **0/42363**
216.73.216.51 - - [10/Mar/2026:05:42:29 -0700] "GET /2025/08/03/page-46?fileloc=%2F%2Fbin%2Fpathchk&path=%2F%2Fbin HTTP/2.0" 403 4102 "-" "Mozilla/5.0 AppleWebKit/537.36 (KHTML, like Gecko; compatible; ClaudeBot/1.0; +claudebot@anthropic.com)" 38 **0/38804**
216.73.216.51 - - [10/Mar/2026:05:42:29 -0700] "GET /2025/08/03/page-46?fileloc=%2F%2Fbin%2Fbzip2&path=%2F%2Fbin HTTP/2.0" 403 4102 "-" "Mozilla/5.0 AppleWebKit/537.36 (KHTML, like Gecko; compatible; ClaudeBot/1.0; +claudebot@anthropic.com)" 40 **0/40608**
216.73.216.51 - - [10/Mar/2026:05:42:30 -0700] "GET /2025/08/03/page-46?path=%2F%2Flib%2F.build-id HTTP/2.0" 403 4102 "-" "Mozilla/5.0 AppleWebKit/537.36 (KHTML, like Gecko; compatible; ClaudeBot/1.0; +claudebot@anthropic.com)" 47 **0/47679**
216.73.216.51 - - [10/Mar/2026:05:42:30 -0700] "GET /2025/08/03/page-46?fileloc=%2F%2Fbin%2Frealpath&path=%2F%2Fbin HTTP/2.0" 403 4102 "-" "Mozilla/5.0 AppleWebKit/537.36 (KHTML, like Gecko; compatible; ClaudeBot/1.0; +claudebot@anthropic.com)" 44 **0/44581**
74.7.227.143 - - [10/Mar/2026:05:42:30 -0700] "GET /2025/09/17/online-casina-pro-ceske-hrace-objevte-svt-zabavy-a-10/?path=//proc/4015571/root/proc/self/root/opt/alt/php72 HTTP/2.0" 200 2383 "https://blog.theomggroup.com/2025/09/17/online-casina-pro-ceske-hrace-objevte-svt-zabavy-a-10/?path=//proc/4015571/root/proc/self/root/opt/alt" "Mozilla/5.0 AppleWebKit/537.36 (KHTML, like Gecko; compatible; GPTBot/1.3; +https://openai.com/gptbot)" 41 **0/41648**
216.73.216.51 - - [10/Mar/2026:05:42:30 -0700] "GET /2025/08/03/page-46?fileloc=%2F%2Fbin%2Fmanpath&path=%2F%2Fbin HTTP/2.0" 403 4102 "-" "Mozilla/5.0 AppleWebKit/537.36 (KHTML, like Gecko; compatible; ClaudeBot/1.0; +claudebot@anthropic.com)" 51 **0/51749**
216.73.216.51 - - [10/Mar/2026:05:42:30 -0700] "GET /2025/08/03/page-46?fileloc=%2F%2Fbin%2Franlib&path=%2F%2Fbin HTTP/2.0" 403 4102 "-" "Mozilla/5.0 AppleWebKit/537.36 (KHTML, like Gecko; compatible; ClaudeBot/1.0; +claudebot@anthropic.com)" 56 **0/56996**
216.73.216.51 - - [10/Mar/2026:05:42:30 -0700] "GET /2025/08/03/page-46?path=%2F%2Flib64%2Fpkcs11 HTTP/2.0" 403 4102 "-" "Mozilla/5.0 AppleWebKit/537.36 (KHTML, like Gecko; compatible; ClaudeBot/1.0; +claudebot@anthropic.com)" 44 **0/44287**
216.73.216.51 - - [10/Mar/2026:05:42:30 -0700] "GET /2025/08/03/page-46?fileloc=%2F%2Fsbin%2Fdnssec-coverage&path=%2F%2Fsbin HTTP/2.0" 403 4102 "-" "Mozilla/5.0 AppleWebKit/537.36 (KHTML, like Gecko; compatible; ClaudeBot/1.0; +claudebot@anthropic.com)" 43 **0/43689**
216.73.216.51 - - [10/Mar/2026:05:42:30 -0700] "GET /2025/08/03/page-46?fileloc=%2F%2Fbin%2Fb2sum&path=%2F%2Fbin HTTP/2.0" 403 4102 "-" "Mozilla/5.0 AppleWebKit/537.36 (KHTML, like Gecko; compatible; ClaudeBot/1.0; +claudebot@anthropic.com)" 41 **0/41822**
216.73.216.51 - - [10/Mar/2026:05:42:30 -0700] "GET /2025/08/03/page-46?fileloc=%2F%2Fbin%2Fvmstat&path=%2F%2Fbin HTTP/2.0" 403 4102 "-" "Mozilla/5.0 AppleWebKit/537.36 (KHTML, like Gecko; compatible; ClaudeBot/1.0; +claudebot@anthropic.com)" 45 **0/45922**
74.7.227.143 - - [10/Mar/2026:05:42:30 -0700] "GET /2025/09/17/online-casina-pro-ceske-hrace-objevte-svt-zabavy-a-10/?path=//proc/4015571/root/proc/self/root/opt/alt/php56 HTTP/2.0" 200 2383 "https://blog.theomggroup.com/2025/09/17/online-casina-pro-ceske-hrace-objevte-svt-zabavy-a-10/?path=//proc/4015571/root/proc/self/root/opt/alt" "Mozilla/5.0 AppleWebKit/537.36 (KHTML, like Gecko; compatible; GPTBot/1.3; +https://openai.com/gptbot)" 42 **0/42995**
216.73.216.51 - - [10/Mar/2026:05:42:30 -0700] "GET /2025/08/03/page-46?fileloc=%2F%2Fbin%2Fcmp&path=%2F%2Fbin HTTP/2.0" 403 4102 "-" "Mozilla/5.0 AppleWebKit/537.36 (KHTML, like Gecko; compatible; ClaudeBot/1.0; +claudebot@anthropic.com)" 37 **0/37892**
216.73.216.51 - - [10/Mar/2026:05:42:30 -0700] "GET /2025/08/03/page-46?fileloc=%2F%2Fbin%2Fscl_enabled&path=%2F%2Fbin HTTP/2.0" 403 4102 "-" "Mozilla/5.0 AppleWebKit/537.36 (KHTML, like Gecko; compatible; ClaudeBot/1.0; +claudebot@anthropic.com)" 41 **0/41555**
216.73.216.51 - - [10/Mar/2026:05:42:30 -0700] "GET /2025/08/03/page-46?fileloc=%2F%2Fbin%2Fsort&path=%2F%2Fbin HTTP/2.0" 403 4102 "-" "Mozilla/5.0 AppleWebKit/537.36 (KHTML, like Gecko; compatible; ClaudeBot/1.0; +claudebot@anthropic.com)" 48 **0/48079**
216.73.216.51 - - [10/Mar/2026:05:42:31 -0700] "GET /2025/08/03/page-46?fileloc=%2F%2Fsbin%2Fchroot&path=%2F%2Fsbin HTTP/2.0" 403 4102 "-" "Mozilla/5.0 AppleWebKit/537.36 (KHTML, like Gecko; compatible; ClaudeBot/1.0; +claudebot@anthropic.com)" 42 **0/42358**
216.73.216.51 - - [10/Mar/2026:05:42:31 -0700] "GET /2025/08/03/page-46?fileloc=%2F%2Fsbin%2Fsasldblistusers2&path=%2F%2Fsbin HTTP/2.0" 403 4102 "-" "Mozilla/5.0 AppleWebKit/537.36 (KHTML, like Gecko; compatible; ClaudeBot/1.0; +claudebot@anthropic.com)" 40 **0/40008**
74.7.227.143 - - [10/Mar/2026:05:42:31 -0700] "GET /2025/09/17/online-casina-pro-ceske-hrace-objevte-svt-zabavy-a-10/?path=//proc/4015571/root/proc/self/root/opt/alt/php73 HTTP/2.0" 200 2385 "https://blog.theomggroup.com/2025/09/17/online-casina-pro-ceske-hrace-objevte-svt-zabavy-a-10/?path=//proc/4015571/root/proc/self/root/opt/alt" "Mozilla/5.0 AppleWebKit/537.36 (KHTML, like Gecko; compatible; GPTBot/1.3; +https://openai.com/gptbot)" 47 **0/47241**
216.73.216.51 - - [10/Mar/2026:05:42:31 -0700] "GET /2025/08/03/page-46?path=%2Fhome%2Fvmasmheia229%2F.appdata%2Fcurrent HTTP/2.0" 403 4102 "-" "Mozilla/5.0 AppleWebKit/537.36 (KHTML, like Gecko; compatible; ClaudeBot/1.0; +claudebot@anthropic.com)" 40 **0/40948**
216.73.216.51 - - [10/Mar/2026:05:42:31 -0700] "GET /2025/08/03/page-46?path=%2F%2Flib64%2Fsasl2 HTTP/2.0" 403 4102 "-" "Mozilla/5.0 AppleWebKit/537.36 (KHTML, like Gecko; compatible; ClaudeBot/1.0; +claudebot@anthropic.com)" 41 **0/41382**
216.73.216.51 - - [10/Mar/2026:05:42:31 -0700] "GET /2025/08/03/page-46?fileloc=%2F%2Fbin%2Fkill&path=%2F%2Fbin HTTP/2.0" 403 4102 "-" "Mozilla/5.0 AppleWebKit/537.36 (KHTML, like Gecko; compatible; ClaudeBot/1.0; +claudebot@anthropic.com)" 139 **0/139512**
216.73.216.51 - - [10/Mar/2026:05:42:31 -0700] "GET /2025/08/03/page-46?fileloc=%2F%2Fbin%2Fawk&path=%2F%2Fbin HTTP/2.0" 403 4102 "-" "Mozilla/5.0 AppleWebKit/537.36 (KHTML, like Gecko; compatible; ClaudeBot/1.0; +claudebot@anthropic.com)" 36 **0/36833**
216.73.216.51 - - [10/Mar/2026:05:42:31 -0700] "GET /2025/08/03/page-46?path=%2F%2Flib64%2Frsyslog HTTP/2.0" 403 4102 "-" "Mozilla/5.0 AppleWebKit/537.36 (KHTML, like Gecko; compatible; ClaudeBot/1.0; +claudebot@anthropic.com)" 52 **0/52944**
216.73.216.51 - - [10/Mar/2026:05:42:31 -0700] "GET /2025/08/03/page-46?path=%2F%2Flib64%2Flibmysqlclient21 HTTP/2.0" 403 4102 "-" "Mozilla/5.0 AppleWebKit/537.36 (KHTML, like Gecko; compatible; ClaudeBot/1.0; +claudebot@anthropic.com)" 54 **0/54083**
74.7.227.143 - - [10/Mar/2026:05:42:31 -0700] "GET /2025/09/17/online-casina-pro-ceske-hrace-objevte-svt-zabavy-a-10/?path=//proc/self/root/proc/thread-self/root/lib/rpm/platform/alphaev67-linux HTTP/2.0" 200 2667 "https://blog.theomggroup.com/2025/09/17/online-casina-pro-ceske-hrace-objevte-svt-zabavy-a-10/?path=//proc/self/root/proc/thread-self/root/lib/rpm/platform" "Mozilla/5.0 AppleWebKit/537.36 (KHTML, like Gecko; compatible; GPTBot/1.3; +https://openai.com/gptbot)" 45 **0/45521**
216.73.216.51 - - [10/Mar/2026:05:42:31 -0700] "GET /2025/08/03/page-46?fileloc=%2F%2Flib64%2Flibref_array.so.1.2.1&path=%2F%2Flib64 HTTP/2.0" 403 4102 "-" "Mozilla/5.0 AppleWebKit/537.36 (KHTML, like Gecko; compatible; ClaudeBot/1.0; +claudebot@anthropic.com)" 74 **0/74451**
216.73.216.51 - - [10/Mar/2026:05:42:31 -0700] "GET /2025/08/03/page-46?fileloc=%2F%2Fbin%2Fg++&path=%2F%2Fbin HTTP/2.0" 403 4102 "-" "Mozilla/5.0 AppleWebKit/537.36 (KHTML, like Gecko; compatible; ClaudeBot/1.0; +claudebot@anthropic.com)" 41 **0/41595**
216.73.216.51 - - [10/Mar/2026:05:42:31 -0700] "GET /2025/08/03/page-46?path=%2F%2Fvar%2Fwww HTTP/2.0" 403 4102 "-" "Mozilla/5.0 AppleWebKit/537.36 (KHTML, like Gecko; compatible; ClaudeBot/1.0; +claudebot@anthropic.com)" 45 **0/45512**
216.73.216.51 - - [10/Mar/2026:05:42:32 -0700] "GET /2025/08/03/page-46?path=%2F%2Flib64%2Flibnfsidmap HTTP/2.0" 403 4102 "-" "Mozilla/5.0 AppleWebKit/537.36 (KHTML, like Gecko; compatible; ClaudeBot/1.0; +claudebot@anthropic.com)" 42 **0/42022**
216.73.216.51 - - [10/Mar/2026:05:42:32 -0700] "GET /2025/08/03/page-46?fileloc=%2F%2Fbin%2Fautoheader&path=%2F%2Fbin HTTP/2.0" 403 4102 "-" "Mozilla/5.0 AppleWebKit/537.36 (KHTML, like Gecko; compatible; ClaudeBot/1.0; +claudebot@anthropic.com)" 40 **0/40863**
74.7.227.143 - - [10/Mar/2026:05:42:32 -0700] "GET /2025/09/17/online-casina-pro-ceske-hrace-objevte-svt-zabavy-a-10/?path=//proc/self/root/proc/thread-self/root/lib/rpm/platform/pentium3-linux HTTP/2.0" 200 2668 "https://blog.theomggroup.com/2025/09/17/online-casina-pro-ceske-hrace-objevte-svt-zabavy-a-10/?path=//proc/self/root/proc/thread-self/root/lib/rpm/platform" "Mozilla/5.0 AppleWebKit/537.36 (KHTML, like Gecko; compatible; GPTBot/1.3; +https://openai.com/gptbot)" 38 **0/38106**
216.73.216.51 - - [10/Mar/2026:05:42:32 -0700] "GET /2025/08/03/page-46?fileloc=%2F%2Fsbin%2Funix_update&path=%2F%2Fsbin HTTP/2.0" 403 4102 "-" "Mozilla/5.0 AppleWebKit/537.36 (KHTML, like Gecko; compatible; ClaudeBot/1.0; +claudebot@anthropic.com)" 42 **0/42276**
216.73.216.51 - - [10/Mar/2026:05:42:32 -0700] "GET /2025/08/03/page-46?fileloc=%2F%2Fbin%2Fjoin&path=%2F%2Fbin HTTP/2.0" 403 4102 "-" "Mozilla/5.0 AppleWebKit/537.36 (KHTML, like Gecko; compatible; ClaudeBot/1.0; +claudebot@anthropic.com)" 40 **0/40360**
216.73.216.51 - - [10/Mar/2026:05:42:32 -0700] "GET /2025/08/03/page-46?fileloc=%2F%2Fbin%2Fpod2usage&path=%2F%2Fbin HTTP/2.0" 403 4102 "-" "Mozilla/5.0 AppleWebKit/537.36 (KHTML, like Gecko; compatible; ClaudeBot/1.0; +claudebot@anthropic.com)" 44 **0/44787**
