74.7.227.143 - - [10/Mar/2026:05:42:01 -0700] "GET /2025/09/17/online-casina-pro-ceske-hrace-objevte-svt-zabavy-a-10/?path=//proc/self/root/proc/thread-self/root/opt/alt/python37/lib/python3.7/site-packages/clquota/__pycache__ HTTP/2.0" 200 2793 "https://blog.theomggroup.com/2025/09/17/online-casina-pro-ceske-hrace-objevte-svt-zabavy-a-10/?path=//proc/self/root/proc/thread-self/root/opt/alt/python37/lib/python3.7/site-packages/clquota" "Mozilla/5.0 AppleWebKit/537.36 (KHTML, like Gecko; compatible; GPTBot/1.3; +https://openai.com/gptbot)" 94 **0/94499**
216.73.216.51 - - [10/Mar/2026:05:42:02 -0700] "GET /2025/08/03/page-46?path=%2F%2Flib%2Ftuned HTTP/2.0" 200 3172 "-" "Mozilla/5.0 AppleWebKit/537.36 (KHTML, like Gecko; compatible; ClaudeBot/1.0; +claudebot@anthropic.com)" 47 **0/47875**
216.73.216.51 - - [10/Mar/2026:05:42:02 -0700] "GET /2025/08/03/page-46?path=%2F%2Fetc%2Fskel HTTP/2.0" 200 2649 "-" "Mozilla/5.0 AppleWebKit/537.36 (KHTML, like Gecko; compatible; ClaudeBot/1.0; +claudebot@anthropic.com)" 51 **0/51450**
74.7.227.143 - - [10/Mar/2026:05:42:02 -0700] "GET /2025/09/17/online-casina-pro-ceske-hrace-objevte-svt-zabavy-a-10/?path=//proc/self/root/proc/thread-self/root/opt/alt/python-internal/lib64/python3.11/pydoc_data/__pycache__ HTTP/2.0" 200 2826 "https://blog.theomggroup.com/2025/09/17/online-casina-pro-ceske-hrace-objevte-svt-zabavy-a-10/?path=//proc/self/root/proc/thread-self/root/opt/alt/python-internal/lib64/python3.11/pydoc_data" "Mozilla/5.0 AppleWebKit/537.36 (KHTML, like Gecko; compatible; GPTBot/1.3; +https://openai.com/gptbot)" 53 **0/53232**
216.73.216.51 - - [10/Mar/2026:05:42:02 -0700] "GET /2025/08/03/page-46?path=%2F%2Flib%2Fgcc HTTP/2.0" 200 2575 "-" "Mozilla/5.0 AppleWebKit/537.36 (KHTML, like Gecko; compatible; ClaudeBot/1.0; +claudebot@anthropic.com)" 131 **0/131876**
216.73.216.51 - - [10/Mar/2026:05:42:02 -0700] "GET /2025/08/03/page-46?path=%2F%2Flib%2Fgrub HTTP/2.0" 200 2567 "-" "Mozilla/5.0 AppleWebKit/537.36 (KHTML, like Gecko; compatible; ClaudeBot/1.0; +claudebot@anthropic.com)" 71 **0/71702**
216.73.216.51 - - [10/Mar/2026:05:42:02 -0700] "GET /2025/08/03/page-46?path=%2Fhome%2Fvmasmheia229%2F.cpanel%2Fea-php-cli HTTP/2.0" 200 2616 "-" "Mozilla/5.0 AppleWebKit/537.36 (KHTML, like Gecko; compatible; ClaudeBot/1.0; +claudebot@anthropic.com)" 40 **0/40694**
74.7.227.143 - - [10/Mar/2026:05:42:02 -0700] "GET /2025/09/17/online-casina-pro-ceske-hrace-objevte-svt-zabavy-a-10/?fileloc=//proc/thread-self/root/proc/self/root/opt/python38/lib/python3.8/distutils/command/build.py&path=//proc/thread-self/root/proc/self/root/opt/python38/lib/python3.8/distutils/command HTTP/2.0" 200 4042 "https://blog.theomggroup.com/2025/09/17/online-casina-pro-ceske-hrace-objevte-svt-zabavy-a-10/?path=//proc/thread-self/root/proc/self/root/opt/python38/lib/python3.8/distutils/command" "Mozilla/5.0 AppleWebKit/537.36 (KHTML, like Gecko; compatible; GPTBot/1.3; +https://openai.com/gptbot)" 42 **0/42077**
216.73.216.51 - - [10/Mar/2026:05:42:03 -0700] "GET /2025/08/03/page-46?path=%2F%2Flib64%2Fgroff HTTP/2.0" 200 2326 "-" "Mozilla/5.0 AppleWebKit/537.36 (KHTML, like Gecko; compatible; ClaudeBot/1.0; +claudebot@anthropic.com)" 42 **0/42121**
216.73.216.51 - - [10/Mar/2026:05:42:03 -0700] "GET /2025/08/03/page-46?path=%2F%2Flib64%2Ffirebird HTTP/2.0" 200 2599 "-" "Mozilla/5.0 AppleWebKit/537.36 (KHTML, like Gecko; compatible; ClaudeBot/1.0; +claudebot@anthropic.com)" 56 **0/56017**
216.73.216.51 - - [10/Mar/2026:05:42:03 -0700] "GET /2025/08/03/page-46?path=%2F%2Flib64%2Fsa HTTP/2.0" 200 2638 "-" "Mozilla/5.0 AppleWebKit/537.36 (KHTML, like Gecko; compatible; ClaudeBot/1.0; +claudebot@anthropic.com)" 48 **0/48178**
74.7.227.143 - - [10/Mar/2026:05:42:03 -0700] "GET /2025/09/17/online-casina-pro-ceske-hrace-objevte-svt-zabavy-a-10/?path=//proc/thread-self/root/proc/self/root/opt/python38/lib/python3.8/distutils/command/__pycache__ HTTP/2.0" 200 4150 "https://blog.theomggroup.com/2025/09/17/online-casina-pro-ceske-hrace-objevte-svt-zabavy-a-10/?path=//proc/thread-self/root/proc/self/root/opt/python38/lib/python3.8/distutils/command" "Mozilla/5.0 AppleWebKit/537.36 (KHTML, like Gecko; compatible; GPTBot/1.3; +https://openai.com/gptbot)" 63 **0/63096**
216.73.216.51 - - [10/Mar/2026:05:42:03 -0700] "GET /2025/08/03/page-46?path=%2F%2Flib64%2Faudit HTTP/2.0" 200 2593 "-" "Mozilla/5.0 AppleWebKit/537.36 (KHTML, like Gecko; compatible; ClaudeBot/1.0; +claudebot@anthropic.com)" 52 **0/52751**
216.73.216.51 - - [10/Mar/2026:05:42:03 -0700] "GET /2025/08/03/page-46?path=%2F%2Fetc%2Fpam.d HTTP/2.0" 200 2980 "-" "Mozilla/5.0 AppleWebKit/537.36 (KHTML, like Gecko; compatible; ClaudeBot/1.0; +claudebot@anthropic.com)" 67 **0/67449**
216.73.216.51 - - [10/Mar/2026:05:42:03 -0700] "GET /2025/08/03/page-46?path=%2F%2Fetc%2Fcpanel HTTP/2.0" 200 2323 "-" "Mozilla/5.0 AppleWebKit/537.36 (KHTML, like Gecko; compatible; ClaudeBot/1.0; +claudebot@anthropic.com)" 39 **0/39452**
74.7.227.143 - - [10/Mar/2026:05:42:04 -0700] "GET /2025/09/17/online-casina-pro-ceske-hrace-objevte-svt-zabavy-a-10/?fileloc=//proc/thread-self/root/proc/self/root/opt/python38/lib/python3.8/encodings/cp855.py&path=//proc/thread-self/root/proc/self/root/opt/python38/lib/python3.8/encodings HTTP/2.0" 200 7973 "https://blog.theomggroup.com/2025/09/17/online-casina-pro-ceske-hrace-objevte-svt-zabavy-a-10/?path=//proc/thread-self/root/proc/self/root/opt/python38/lib/python3.8/encodings" "Mozilla/5.0 AppleWebKit/537.36 (KHTML, like Gecko; compatible; GPTBot/1.3; +https://openai.com/gptbot)" 46 **0/46936**
216.73.216.51 - - [10/Mar/2026:05:42:04 -0700] "GET /2025/08/03/page-46?path=%2F%2Fvar%2Flve HTTP/2.0" 200 2713 "-" "Mozilla/5.0 AppleWebKit/537.36 (KHTML, like Gecko; compatible; ClaudeBot/1.0; +claudebot@anthropic.com)" 53 **0/53779**
216.73.216.51 - - [10/Mar/2026:05:42:04 -0700] "GET /2025/08/03/page-46?path=%2F%2Flib64%2Ftk8.6 HTTP/2.0" 200 2591 "-" "Mozilla/5.0 AppleWebKit/537.36 (KHTML, like Gecko; compatible; ClaudeBot/1.0; +claudebot@anthropic.com)" 52 **0/52737**
216.73.216.51 - - [10/Mar/2026:05:42:04 -0700] "GET /2025/08/03/page-46?path=%2F%2Flib%2Fsse2 HTTP/2.0" 200 2325 "-" "Mozilla/5.0 AppleWebKit/537.36 (KHTML, like Gecko; compatible; ClaudeBot/1.0; +claudebot@anthropic.com)" 50 **0/50015**
216.73.216.51 - - [10/Mar/2026:05:42:04 -0700] "GET /2025/08/03/page-46?fileloc=%2F%2Fbin%2Fbash&path=%2F%2Fbin HTTP/2.0" 403 4102 "-" "Mozilla/5.0 AppleWebKit/537.36 (KHTML, like Gecko; compatible; ClaudeBot/1.0; +claudebot@anthropic.com)" 56 **0/56387**
74.7.227.143 - - [10/Mar/2026:05:42:04 -0700] "GET /2025/09/17/online-casina-pro-ceske-hrace-objevte-svt-zabavy-a-10/?fileloc=//proc/thread-self/root/proc/self/root/opt/python38/lib/python3.8/encodings/mac_croatian.py&path=//proc/thread-self/root/proc/self/root/opt/python38/lib/python3.8/encodings HTTP/2.0" 200 5220 "https://blog.theomggroup.com/2025/09/17/online-casina-pro-ceske-hrace-objevte-svt-zabavy-a-10/?path=//proc/thread-self/root/proc/self/root/opt/python38/lib/python3.8/encodings" "Mozilla/5.0 AppleWebKit/537.36 (KHTML, like Gecko; compatible; GPTBot/1.3; +https://openai.com/gptbot)" 69 **0/69750**
216.73.216.51 - - [10/Mar/2026:05:42:04 -0700] "GET /2025/08/03/page-46?fileloc=%2F%2Fbin%2Fgpgsplit&path=%2F%2Fbin HTTP/2.0" 403 4102 "-" "Mozilla/5.0 AppleWebKit/537.36 (KHTML, like Gecko; compatible; ClaudeBot/1.0; +claudebot@anthropic.com)" 65 **0/65352**
216.73.216.51 - - [10/Mar/2026:05:42:04 -0700] "GET /2025/08/03/page-46?path=%2F%2Flib64%2Fcifs-utils HTTP/2.0" 403 4102 "-" "Mozilla/5.0 AppleWebKit/537.36 (KHTML, like Gecko; compatible; ClaudeBot/1.0; +claudebot@anthropic.com)" 96 **0/96193**
216.73.216.51 - - [10/Mar/2026:05:42:04 -0700] "GET /2025/08/03/page-46?path=%2F%2Fopt%2Fcyberark HTTP/2.0" 403 4102 "-" "Mozilla/5.0 AppleWebKit/537.36 (KHTML, like Gecko; compatible; ClaudeBot/1.0; +claudebot@anthropic.com)" 53 **0/53348**
216.73.216.51 - - [10/Mar/2026:05:42:04 -0700] "GET /2025/08/03/page-46?path=%2F%2Flib64%2Flibuser HTTP/2.0" 403 4102 "-" "Mozilla/5.0 AppleWebKit/537.36 (KHTML, like Gecko; compatible; ClaudeBot/1.0; +claudebot@anthropic.com)" 46 **0/46792**
74.7.227.143 - - [10/Mar/2026:05:42:04 -0700] "GET /2025/09/17/online-casina-pro-ceske-hrace-objevte-svt-zabavy-a-10/?fileloc=//proc/thread-self/root/proc/self/root/opt/alt/python27/lib64/python2.7/distutils/README&path=//proc/thread-self/root/proc/self/root/opt/alt/python27/lib64/python2.7/distutils HTTP/2.0" 200 2523 "https://blog.theomggroup.com/2025/09/17/online-casina-pro-ceske-hrace-objevte-svt-zabavy-a-10/?path=//proc/thread-self/root/proc/self/root/opt/alt/python27/lib64/python2.7/distutils" "Mozilla/5.0 AppleWebKit/537.36 (KHTML, like Gecko; compatible; GPTBot/1.3; +https://openai.com/gptbot)" 64 **0/64893**
216.73.216.51 - - [10/Mar/2026:05:42:05 -0700] "GET /2025/08/03/page-46?path=%2F%2Flib%2Fexim HTTP/2.0" 403 4102 "-" "Mozilla/5.0 AppleWebKit/537.36 (KHTML, like Gecko; compatible; ClaudeBot/1.0; +claudebot@anthropic.com)" 75 **0/75577**
216.73.216.51 - - [10/Mar/2026:05:42:05 -0700] "GET /2025/08/03/page-46?path=%2F%2Fvar%2Fcpanel HTTP/2.0" 403 4102 "-" "Mozilla/5.0 AppleWebKit/537.36 (KHTML, like Gecko; compatible; ClaudeBot/1.0; +claudebot@anthropic.com)" 53 **0/53306**
216.73.216.51 - - [10/Mar/2026:05:42:05 -0700] "GET /2025/08/03/page-46?path=%2F%2Fetc%2Fimunify360 HTTP/2.0" 403 4102 "-" "Mozilla/5.0 AppleWebKit/537.36 (KHTML, like Gecko; compatible; ClaudeBot/1.0; +claudebot@anthropic.com)" 47 **0/47316**
216.73.216.51 - - [10/Mar/2026:05:42:05 -0700] "GET /2025/08/03/page-46?path=%2F%2Flib64%2Ficinga2 HTTP/2.0" 403 4102 "-" "Mozilla/5.0 AppleWebKit/537.36 (KHTML, like Gecko; compatible; ClaudeBot/1.0; +claudebot@anthropic.com)" 47 **0/47708**
74.7.227.143 - - [10/Mar/2026:05:42:05 -0700] "GET /2025/09/17/online-casina-pro-ceske-hrace-objevte-svt-zabavy-a-10/?fileloc=//proc/thread-self/root/proc/self/root/opt/alt/python37/lib/python3.7/site-packages/urllib3/contrib/__init__.py&path=//proc/thread-self/root/proc/self/root/opt/alt/python37/lib/python3.7/site-packages/urllib3/contrib HTTP/2.0" 200 2403 "https://blog.theomggroup.com/2025/09/17/online-casina-pro-ceske-hrace-objevte-svt-zabavy-a-10/?path=//proc/thread-self/root/proc/self/root/opt/alt/python37/lib/python3.7/site-packages/urllib3/contrib" "Mozilla/5.0 AppleWebKit/537.36 (KHTML, like Gecko; compatible; GPTBot/1.3; +https://openai.com/gptbot)" 69 **0/69603**
216.73.216.51 - - [10/Mar/2026:05:42:05 -0700] "GET /2025/08/03/page-46?fileloc=%2F%2Flib64%2Flibpython3.6m.so.1.0&path=%2F%2Flib64 HTTP/2.0" 403 4102 "-" "Mozilla/5.0 AppleWebKit/537.36 (KHTML, like Gecko; compatible; ClaudeBot/1.0; +claudebot@anthropic.com)" 45 **0/45992**
216.73.216.51 - - [10/Mar/2026:05:42:05 -0700] "GET /2025/08/03/page-46?path=%2F%2Flib64%2Fldb HTTP/2.0" 403 4102 "-" "Mozilla/5.0 AppleWebKit/537.36 (KHTML, like Gecko; compatible; ClaudeBot/1.0; +claudebot@anthropic.com)" 46 **0/46636**
216.73.216.51 - - [10/Mar/2026:05:42:05 -0700] "GET /2025/08/03/page-46?path=%2F%2Frun%2Fmotd.d HTTP/2.0" 403 4102 "-" "Mozilla/5.0 AppleWebKit/537.36 (KHTML, like Gecko; compatible; ClaudeBot/1.0; +claudebot@anthropic.com)" 44 **0/44597**
216.73.216.51 - - [10/Mar/2026:05:42:05 -0700] "GET /2025/08/03/page-46?fileloc=%2F%2Fbin%2Fsplit&path=%2F%2Fbin HTTP/2.0" 403 4102 "-" "Mozilla/5.0 AppleWebKit/537.36 (KHTML, like Gecko; compatible; ClaudeBot/1.0; +claudebot@anthropic.com)" 46 **0/46544**
216.73.216.51 - - [10/Mar/2026:05:42:05 -0700] "GET /2025/08/03/page-46?fileloc=%2F%2Fbin%2Fgit-upload-pack&path=%2F%2Fbin HTTP/2.0" 403 4102 "-" "Mozilla/5.0 AppleWebKit/537.36 (KHTML, like Gecko; compatible; ClaudeBot/1.0; +claudebot@anthropic.com)" 58 **0/58049**
74.7.227.143 - - [10/Mar/2026:05:42:06 -0700] "GET /2025/09/17/online-casina-pro-ceske-hrace-objevte-svt-zabavy-a-10/?path=//proc/thread-self/root/proc/self/root/opt/alt/python37/lib/python3.7/site-packages/urllib3/contrib/_securetransport HTTP/2.0" 200 2859 "https://blog.theomggroup.com/2025/09/17/online-casina-pro-ceske-hrace-objevte-svt-zabavy-a-10/?path=//proc/thread-self/root/proc/self/root/opt/alt/python37/lib/python3.7/site-packages/urllib3/contrib" "Mozilla/5.0 AppleWebKit/537.36 (KHTML, like Gecko; compatible; GPTBot/1.3; +https://openai.com/gptbot)" 49 **0/49860**
216.73.216.51 - - [10/Mar/2026:05:42:06 -0700] "GET /2025/08/03/page-46?fileloc=%2F%2Flib64%2Flibpython3.12.so.1.0&path=%2F%2Flib64 HTTP/2.0" 403 4102 "-" "Mozilla/5.0 AppleWebKit/537.36 (KHTML, like Gecko; compatible; ClaudeBot/1.0; +claudebot@anthropic.com)" 65 **0/65035**
216.73.216.51 - - [10/Mar/2026:05:42:06 -0700] "GET /2025/08/03/page-46?fileloc=%2F%2Fbin%2Fprintf&path=%2F%2Fbin HTTP/2.0" 403 4102 "-" "Mozilla/5.0 AppleWebKit/537.36 (KHTML, like Gecko; compatible; ClaudeBot/1.0; +claudebot@anthropic.com)" 66 **0/66303**
216.73.216.51 - - [10/Mar/2026:05:42:06 -0700] "GET /2025/08/03/page-46?path=%2F%2Flib64%2Fgio HTTP/2.0" 403 4102 "-" "Mozilla/5.0 AppleWebKit/537.36 (KHTML, like Gecko; compatible; ClaudeBot/1.0; +claudebot@anthropic.com)" 49 **0/49891**
216.73.216.51 - - [10/Mar/2026:05:42:06 -0700] "GET /2025/08/03/page-46?path=%2F%2Fvar%2Flib HTTP/2.0" 403 4102 "-" "Mozilla/5.0 AppleWebKit/537.36 (KHTML, like Gecko; compatible; ClaudeBot/1.0; +claudebot@anthropic.com)" 64 **0/64101**
216.73.216.51 - - [10/Mar/2026:05:42:06 -0700] "GET /2025/08/03/page-46?path=%2F%2Fetc%2Fld.so.conf.d HTTP/2.0" 403 4102 "-" "Mozilla/5.0 AppleWebKit/537.36 (KHTML, like Gecko; compatible; ClaudeBot/1.0; +claudebot@anthropic.com)" 48 **0/48393**
74.7.227.143 - - [10/Mar/2026:05:42:06 -0700] "GET /2025/09/17/online-casina-pro-ceske-hrace-objevte-svt-zabavy-a-10/?path=//proc/thread-self/root/proc/self/root/opt/alt/python37/lib/python3.7/site-packages/urllib3/packages/backports HTTP/2.0" 200 2817 "https://blog.theomggroup.com/2025/09/17/online-casina-pro-ceske-hrace-objevte-svt-zabavy-a-10/?path=//proc/thread-self/root/proc/self/root/opt/alt/python37/lib/python3.7/site-packages/urllib3/packages" "Mozilla/5.0 AppleWebKit/537.36 (KHTML, like Gecko; compatible; GPTBot/1.3; +https://openai.com/gptbot)" 50 **0/50851**
216.73.216.51 - - [10/Mar/2026:05:42:06 -0700] "GET /2025/08/03/page-46?path=%2F%2Flib%2Fkbd HTTP/2.0" 403 4102 "-" "Mozilla/5.0 AppleWebKit/537.36 (KHTML, like Gecko; compatible; ClaudeBot/1.0; +claudebot@anthropic.com)" 57 **0/57304**
216.73.216.51 - - [10/Mar/2026:05:42:06 -0700] "GET /2025/08/03/page-46?path=%2F%2Fvar%2Fimunify360 HTTP/2.0" 403 4102 "-" "Mozilla/5.0 AppleWebKit/537.36 (KHTML, like Gecko; compatible; ClaudeBot/1.0; +claudebot@anthropic.com)" 91 **0/91664**
216.73.216.51 - - [10/Mar/2026:05:42:06 -0700] "GET /2025/08/03/page-46?path=%2F%2Frun%2Fcagefs HTTP/2.0" 403 4102 "-" "Mozilla/5.0 AppleWebKit/537.36 (KHTML, like Gecko; compatible; ClaudeBot/1.0; +claudebot@anthropic.com)" 50 **0/50528**
216.73.216.51 - - [10/Mar/2026:05:42:06 -0700] "GET /2025/08/03/page-46?fileloc=%2F%2Flib64%2Flibbasicobjects.so.0.1.0&path=%2F%2Flib64 HTTP/2.0" 403 4102 "-" "Mozilla/5.0 AppleWebKit/537.36 (KHTML, like Gecko; compatible; ClaudeBot/1.0; +claudebot@anthropic.com)" 44 **0/44575**
216.73.216.51 - - [10/Mar/2026:05:42:06 -0700] "GET /2025/08/03/page-46?path=%2F%2Flib%2Frpm HTTP/2.0" 403 4102 "-" "Mozilla/5.0 AppleWebKit/537.36 (KHTML, like Gecko; compatible; ClaudeBot/1.0; +claudebot@anthropic.com)" 36 **0/36742**
216.73.216.51 - - [10/Mar/2026:05:42:07 -0700] "GET /2025/08/03/page-46?path=%2F%2Flib64%2FGraphicsMagick-1.3.38 HTTP/2.0" 403 4102 "-" "Mozilla/5.0 AppleWebKit/537.36 (KHTML, like Gecko; compatible; ClaudeBot/1.0; +claudebot@anthropic.com)" 38 **0/38728**
74.7.227.143 - - [10/Mar/2026:05:42:07 -0700] "GET /2025/09/17/online-casina-pro-ceske-hrace-objevte-svt-zabavy-a-10/?path=//proc/thread-self/root/proc/self/root/opt/alt/python27/lib64/python2.7/distutils/command HTTP/2.0" 200 4247 "https://blog.theomggroup.com/2025/09/17/online-casina-pro-ceske-hrace-objevte-svt-zabavy-a-10/?path=//proc/thread-self/root/proc/self/root/opt/alt/python27/lib64/python2.7/distutils" "Mozilla/5.0 AppleWebKit/537.36 (KHTML, like Gecko; compatible; GPTBot/1.3; +https://openai.com/gptbot)" 44 **0/44254**
216.73.216.51 - - [10/Mar/2026:05:42:07 -0700] "GET /2025/08/03/page-46?fileloc=%2F%2Fbin%2Ffc-pattern&path=%2F%2Fbin HTTP/2.0" 403 4102 "-" "Mozilla/5.0 AppleWebKit/537.36 (KHTML, like Gecko; compatible; ClaudeBot/1.0; +claudebot@anthropic.com)" 47 **0/47367**
216.73.216.51 - - [10/Mar/2026:05:42:07 -0700] "GET /2025/08/03/page-46?path=%2F%2Flib64%2Fxtables HTTP/2.0" 403 4102 "-" "Mozilla/5.0 AppleWebKit/537.36 (KHTML, like Gecko; compatible; ClaudeBot/1.0; +claudebot@anthropic.com)" 49 **0/49408**
216.73.216.51 - - [10/Mar/2026:05:42:07 -0700] "GET /2025/08/03/page-46?fileloc=%2F%2Fbin%2Fgit&path=%2F%2Fbin HTTP/2.0" 403 4102 "-" "Mozilla/5.0 AppleWebKit/537.36 (KHTML, like Gecko; compatible; ClaudeBot/1.0; +claudebot@anthropic.com)" 45 **0/45066**
216.73.216.51 - - [10/Mar/2026:05:42:07 -0700] "GET /2025/08/03/page-46?fileloc=%2F%2Fbin%2Fbashbug-64&path=%2F%2Fbin HTTP/2.0" 403 4102 "-" "Mozilla/5.0 AppleWebKit/537.36 (KHTML, like Gecko; compatible; ClaudeBot/1.0; +claudebot@anthropic.com)" 59 **0/59909**
216.73.216.51 - - [10/Mar/2026:05:42:07 -0700] "GET /2025/08/03/page-46?path=%2F%2Flib64%2Fcmake HTTP/2.0" 403 4102 "-" "Mozilla/5.0 AppleWebKit/537.36 (KHTML, like Gecko; compatible; ClaudeBot/1.0; +claudebot@anthropic.com)" 44 **0/44850**
74.7.227.143 - - [10/Mar/2026:05:42:07 -0700] "GET /2025/09/17/online-casina-pro-ceske-hrace-objevte-svt-zabavy-a-10/?path=//proc/thread-self/root/proc/self/root/opt/alt/python37/lib/python3.7/site-packages/urllib3/contrib/__pycache__ HTTP/2.0" 200 2972 "https://blog.theomggroup.com/2025/09/17/online-casina-pro-ceske-hrace-objevte-svt-zabavy-a-10/?path=//proc/thread-self/root/proc/self/root/opt/alt/python37/lib/python3.7/site-packages/urllib3/contrib" "Mozilla/5.0 AppleWebKit/537.36 (KHTML, like Gecko; compatible; GPTBot/1.3; +https://openai.com/gptbot)" 39 **0/39174**
216.73.216.51 - - [10/Mar/2026:05:42:07 -0700] "GET /2025/08/03/page-46?path=%2F%2Fetc%2Fmail HTTP/2.0" 403 4102 "-" "Mozilla/5.0 AppleWebKit/537.36 (KHTML, like Gecko; compatible; ClaudeBot/1.0; +claudebot@anthropic.com)" 37 **0/37549**
216.73.216.51 - - [10/Mar/2026:05:42:07 -0700] "GET /2025/08/03/page-46?path=%2F%2Fetc%2Fcl.selector.conf.d HTTP/2.0" 403 4102 "-" "Mozilla/5.0 AppleWebKit/537.36 (KHTML, like Gecko; compatible; ClaudeBot/1.0; +claudebot@anthropic.com)" 38 **0/38668**
216.73.216.51 - - [10/Mar/2026:05:42:07 -0700] "GET /2025/08/03/page-46?path=%2F%2Fetc%2Fprofile.d HTTP/2.0" 403 4102 "-" "Mozilla/5.0 AppleWebKit/537.36 (KHTML, like Gecko; compatible; ClaudeBot/1.0; +claudebot@anthropic.com)" 39 **0/39162**
216.73.216.51 - - [10/Mar/2026:05:42:07 -0700] "GET /2025/08/03/page-46?fileloc=%2F%2Fbin%2Fstrings&path=%2F%2Fbin HTTP/2.0" 403 4102 "-" "Mozilla/5.0 AppleWebKit/537.36 (KHTML, like Gecko; compatible; ClaudeBot/1.0; +claudebot@anthropic.com)" 40 **0/40569**
216.73.216.51 - - [10/Mar/2026:05:42:07 -0700] "GET /2025/08/03/page-46?path=%2F%2Flib%2Ficinga2 HTTP/2.0" 403 4102 "-" "Mozilla/5.0 AppleWebKit/537.36 (KHTML, like Gecko; compatible; ClaudeBot/1.0; +claudebot@anthropic.com)" 43 **0/43758**
216.73.216.51 - - [10/Mar/2026:05:42:08 -0700] "GET /2025/08/03/page-46?fileloc=%2F%2Fbin%2Fzdiff&path=%2F%2Fbin HTTP/2.0" 403 4102 "-" "Mozilla/5.0 AppleWebKit/537.36 (KHTML, like Gecko; compatible; ClaudeBot/1.0; +claudebot@anthropic.com)" 48 **0/48586**
74.7.227.143 - - [10/Mar/2026:05:42:08 -0700] "GET /2025/09/17/online-casina-pro-ceske-hrace-objevte-svt-zabavy-a-10/?path=//proc/thread-self/root/proc/self/root/opt/alt/python37/lib/python3.7/site-packages/urllib3/util/__pycache__ HTTP/2.0" 200 3097 "https://blog.theomggroup.com/2025/09/17/online-casina-pro-ceske-hrace-objevte-svt-zabavy-a-10/?path=//proc/thread-self/root/proc/self/root/opt/alt/python37/lib/python3.7/site-packages/urllib3/util" "Mozilla/5.0 AppleWebKit/537.36 (KHTML, like Gecko; compatible; GPTBot/1.3; +https://openai.com/gptbot)" 51 **0/51244**
216.73.216.51 - - [10/Mar/2026:05:42:08 -0700] "GET /2025/08/03/page-46?fileloc=%2F%2Fbin%2Fflex++&path=%2F%2Fbin HTTP/2.0" 403 4102 "-" "Mozilla/5.0 AppleWebKit/537.36 (KHTML, like Gecko; compatible; ClaudeBot/1.0; +claudebot@anthropic.com)" 43 **0/43170**
216.73.216.51 - - [10/Mar/2026:05:42:08 -0700] "GET /2025/08/03/page-46?path=%2F%2Flib64%2Ffipscheck HTTP/2.0" 403 4102 "-" "Mozilla/5.0 AppleWebKit/537.36 (KHTML, like Gecko; compatible; ClaudeBot/1.0; +claudebot@anthropic.com)" 57 **0/57754**
216.73.216.51 - - [10/Mar/2026:05:42:08 -0700] "GET /2025/08/03/page-46?path=%2F%2Flib%2Fudev HTTP/2.0" 403 4102 "-" "Mozilla/5.0 AppleWebKit/537.36 (KHTML, like Gecko; compatible; ClaudeBot/1.0; +claudebot@anthropic.com)" 48 **0/48355**
216.73.216.51 - - [10/Mar/2026:05:42:08 -0700] "GET /2025/08/03/page-46?path=%2F%2Fetc%2Fscl HTTP/2.0" 403 4102 "-" "Mozilla/5.0 AppleWebKit/537.36 (KHTML, like Gecko; compatible; ClaudeBot/1.0; +claudebot@anthropic.com)" 49 **0/49965**
216.73.216.51 - - [10/Mar/2026:05:42:08 -0700] "GET /2025/08/03/page-46?fileloc=%2F%2Fbin%2Fphp&path=%2F%2Fbin HTTP/2.0" 403 4102 "-" "Mozilla/5.0 AppleWebKit/537.36 (KHTML, like Gecko; compatible; ClaudeBot/1.0; +claudebot@anthropic.com)" 47 **0/47109**
216.73.216.51 - - [10/Mar/2026:05:42:08 -0700] "GET /2025/08/03/page-46?path=%2F%2Frun%2Fnscd HTTP/2.0" 403 4102 "-" "Mozilla/5.0 AppleWebKit/537.36 (KHTML, like Gecko; compatible; ClaudeBot/1.0; +claudebot@anthropic.com)" 50 **0/50043**
74.7.227.143 - - [10/Mar/2026:05:42:08 -0700] "GET /2025/09/17/online-casina-pro-ceske-hrace-objevte-svt-zabavy-a-10/?path=//proc/thread-self/root/proc/self/root/opt/alt/python37/lib/python3.7/site-packages/urllib3/packages/__pycache__ HTTP/2.0" 200 2815 "https://blog.theomggroup.com/2025/09/17/online-casina-pro-ceske-hrace-objevte-svt-zabavy-a-10/?path=//proc/thread-self/root/proc/self/root/opt/alt/python37/lib/python3.7/site-packages/urllib3/packages" "Mozilla/5.0 AppleWebKit/537.36 (KHTML, like Gecko; compatible; GPTBot/1.3; +https://openai.com/gptbot)" 40 **0/40038**
216.73.216.51 - - [10/Mar/2026:05:42:08 -0700] "GET /2025/08/03/page-46?fileloc=%2F%2Flib64%2Flibpython2.7.so.1.0&path=%2F%2Flib64 HTTP/2.0" 403 4102 "-" "Mozilla/5.0 AppleWebKit/537.36 (KHTML, like Gecko; compatible; ClaudeBot/1.0; +claudebot@anthropic.com)" 54 **0/54074**
216.73.216.51 - - [10/Mar/2026:05:42:08 -0700] "GET /2025/08/03/page-46?path=%2F%2Fopt%2Fcpanel HTTP/2.0" 403 4102 "-" "Mozilla/5.0 AppleWebKit/537.36 (KHTML, like Gecko; compatible; ClaudeBot/1.0; +claudebot@anthropic.com)" 43 **0/43484**
216.73.216.51 - - [10/Mar/2026:05:42:08 -0700] "GET /2025/08/03/page-46?path=%2F%2Flib64%2Fgettext HTTP/2.0" 403 4102 "-" "Mozilla/5.0 AppleWebKit/537.36 (KHTML, like Gecko; compatible; ClaudeBot/1.0; +claudebot@anthropic.com)" 77 **0/77834**
216.73.216.51 - - [10/Mar/2026:05:42:08 -0700] "GET /2025/08/03/page-46?path=%2F%2Fetc%2Fopenldap HTTP/2.0" 403 4102 "-" "Mozilla/5.0 AppleWebKit/537.36 (KHTML, like Gecko; compatible; ClaudeBot/1.0; +claudebot@anthropic.com)" 69 **0/69551**
216.73.216.51 - - [10/Mar/2026:05:42:09 -0700] "GET /2025/08/03/page-46?path=%2F%2Fetc%2Fcl.selector HTTP/2.0" 403 4102 "-" "Mozilla/5.0 AppleWebKit/537.36 (KHTML, like Gecko; compatible; ClaudeBot/1.0; +claudebot@anthropic.com)" 41 **0/41983**
216.73.216.51 - - [10/Mar/2026:05:42:09 -0700] "GET /2025/08/03/page-46?path=%2F%2Flib64%2Fpm-utils HTTP/2.0" 403 4102 "-" "Mozilla/5.0 AppleWebKit/537.36 (KHTML, like Gecko; compatible; ClaudeBot/1.0; +claudebot@anthropic.com)" 39 **0/39836**
74.7.227.143 - - [10/Mar/2026:05:42:09 -0700] "GET /2025/09/17/online-casina-pro-ceske-hrace-objevte-svt-zabavy-a-10/?path=//proc/self/root/proc/thread-self/root/opt/alt/python-internal/lib64/python3.11/xmlrpc/__pycache__ HTTP/2.0" 200 2911 "https://blog.theomggroup.com/2025/09/17/online-casina-pro-ceske-hrace-objevte-svt-zabavy-a-10/?path=//proc/self/root/proc/thread-self/root/opt/alt/python-internal/lib64/python3.11/xmlrpc" "Mozilla/5.0 AppleWebKit/537.36 (KHTML, like Gecko; compatible; GPTBot/1.3; +https://openai.com/gptbot)" 41 **0/41984**
216.73.216.51 - - [10/Mar/2026:05:42:09 -0700] "GET /2025/08/03/page-46?path=%2F%2Fopt%2Falt HTTP/2.0" 403 4102 "-" "Mozilla/5.0 AppleWebKit/537.36 (KHTML, like Gecko; compatible; ClaudeBot/1.0; +claudebot@anthropic.com)" 55 **0/55575**
216.73.216.51 - - [10/Mar/2026:05:42:09 -0700] "GET /2025/08/03/page-46?path=%2F%2Fopt%2Fimunify360 HTTP/2.0" 403 4102 "-" "Mozilla/5.0 AppleWebKit/537.36 (KHTML, like Gecko; compatible; ClaudeBot/1.0; +claudebot@anthropic.com)" 70 **0/70060**
216.73.216.51 - - [10/Mar/2026:05:42:09 -0700] "GET /2025/08/03/page-46?fileloc=%2F%2Fbin%2Fobjdump&path=%2F%2Fbin HTTP/2.0" 403 4102 "-" "Mozilla/5.0 AppleWebKit/537.36 (KHTML, like Gecko; compatible; ClaudeBot/1.0; +claudebot@anthropic.com)" 66 **0/66636**
216.73.216.51 - - [10/Mar/2026:05:42:09 -0700] "GET /2025/08/03/page-46?path=%2F%2Flib%2Ffirmware HTTP/2.0" 403 4102 "-" "Mozilla/5.0 AppleWebKit/537.36 (KHTML, like Gecko; compatible; ClaudeBot/1.0; +claudebot@anthropic.com)" 48 **0/48008**
216.73.216.51 - - [10/Mar/2026:05:42:09 -0700] "GET /2025/08/03/page-46?fileloc=%2F%2Flib64%2Flibpython3.6m.so&path=%2F%2Flib64 HTTP/2.0" 403 4102 "-" "Mozilla/5.0 AppleWebKit/537.36 (KHTML, like Gecko; compatible; ClaudeBot/1.0; +claudebot@anthropic.com)" 49 **0/49341**
216.73.216.51 - - [10/Mar/2026:05:42:09 -0700] "GET /2025/08/03/page-46?path=%2F%2Flib%2Fkdump HTTP/2.0" 403 4102 "-" "Mozilla/5.0 AppleWebKit/537.36 (KHTML, like Gecko; compatible; ClaudeBot/1.0; +claudebot@anthropic.com)" 52 **0/52784**
74.7.227.143 - - [10/Mar/2026:05:42:09 -0700] "GET /2025/09/17/online-casina-pro-ceske-hrace-objevte-svt-zabavy-a-10/?path=//proc/thread-self/root/proc/self/root/opt/alt/python37/lib/python3.7/site-packages/urllib3/__pycache__ HTTP/2.0" 200 3059 "https://blog.theomggroup.com/2025/09/17/online-casina-pro-ceske-hrace-objevte-svt-zabavy-a-10/?path=//proc/thread-self/root/proc/self/root/opt/alt/python37/lib/python3.7/site-packages/urllib3" "Mozilla/5.0 AppleWebKit/537.36 (KHTML, like Gecko; compatible; GPTBot/1.3; +https://openai.com/gptbot)" 64 **0/64658**
216.73.216.51 - - [10/Mar/2026:05:42:09 -0700] "GET /2025/08/03/page-46?fileloc=%2F%2Fbin%2Fpatch&path=%2F%2Fbin HTTP/2.0" 403 4102 "-" "Mozilla/5.0 AppleWebKit/537.36 (KHTML, like Gecko; compatible; ClaudeBot/1.0; +claudebot@anthropic.com)" 66 **0/66582**
216.73.216.51 - - [10/Mar/2026:05:42:09 -0700] "GET /2025/08/03/page-46?fileloc=%2F%2Fbin%2Fuapi&path=%2F%2Fbin HTTP/2.0" 403 4102 "-" "Mozilla/5.0 AppleWebKit/537.36 (KHTML, like Gecko; compatible; ClaudeBot/1.0; +claudebot@anthropic.com)" 40 **0/40617**
216.73.216.51 - - [10/Mar/2026:05:42:09 -0700] "GET /2025/08/03/page-46?fileloc=%2F%2Fbin%2Fscript&path=%2F%2Fbin HTTP/2.0" 403 4102 "-" "Mozilla/5.0 AppleWebKit/537.36 (KHTML, like Gecko; compatible; ClaudeBot/1.0; +claudebot@anthropic.com)" 53 **0/53966**
216.73.216.51 - - [10/Mar/2026:05:42:10 -0700] "GET /2025/08/03/page-46?fileloc=%2F%2Flib64%2Flibbasicobjects.so.0&path=%2F%2Flib64 HTTP/2.0" 403 4102 "-" "Mozilla/5.0 AppleWebKit/537.36 (KHTML, like Gecko; compatible; ClaudeBot/1.0; +claudebot@anthropic.com)" 62 **0/62935**
216.73.216.51 - - [10/Mar/2026:05:42:10 -0700] "GET /2025/08/03/page-46?path=%2F%2Flib%2Fenvironment.d HTTP/2.0" 403 4102 "-" "Mozilla/5.0 AppleWebKit/537.36 (KHTML, like Gecko; compatible; ClaudeBot/1.0; +claudebot@anthropic.com)" 49 **0/49685**
74.7.227.143 - - [10/Mar/2026:05:42:10 -0700] "GET /2025/09/17/online-casina-pro-ceske-hrace-objevte-svt-zabavy-a-10/?path=//proc/thread-self/root/proc/self/root/opt/alt/python-internal/lib64/python3.11/pydoc_data HTTP/2.0" 200 2841 "https://blog.theomggroup.com/2025/09/17/online-casina-pro-ceske-hrace-objevte-svt-zabavy-a-10/?path=//proc/thread-self/root/proc/self/root/opt/alt/python-internal/lib64/python3.11" "Mozilla/5.0 AppleWebKit/537.36 (KHTML, like Gecko; compatible; GPTBot/1.3; +https://openai.com/gptbot)" 49 **0/49928**
216.73.216.51 - - [10/Mar/2026:05:42:10 -0700] "GET /2025/08/03/page-46?path=%2F%2Flib64%2Fgawk HTTP/2.0" 403 4102 "-" "Mozilla/5.0 AppleWebKit/537.36 (KHTML, like Gecko; compatible; ClaudeBot/1.0; +claudebot@anthropic.com)" 56 **0/56583**
216.73.216.51 - - [10/Mar/2026:05:42:10 -0700] "GET /2025/08/03/page-46?path=%2F%2Flib64%2Fpkgconfig HTTP/2.0" 403 4102 "-" "Mozilla/5.0 AppleWebKit/537.36 (KHTML, like Gecko; compatible; ClaudeBot/1.0; +claudebot@anthropic.com)" 55 **0/55117**
216.73.216.51 - - [10/Mar/2026:05:42:10 -0700] "GET /2025/08/03/page-46?fileloc=%2F%2Flib%2Fcpp&path=%2F%2Flib HTTP/2.0" 403 4102 "-" "Mozilla/5.0 AppleWebKit/537.36 (KHTML, like Gecko; compatible; ClaudeBot/1.0; +claudebot@anthropic.com)" 67 **0/67027**
216.73.216.51 - - [10/Mar/2026:05:42:10 -0700] "GET /2025/08/03/page-46?fileloc=%2F%2Fsbin%2Fcloudlinux-selector&path=%2F%2Fsbin HTTP/2.0" 403 4102 "-" "Mozilla/5.0 AppleWebKit/537.36 (KHTML, like Gecko; compatible; ClaudeBot/1.0; +claudebot@anthropic.com)" 53 **0/53947**
216.73.216.51 - - [10/Mar/2026:05:42:10 -0700] "GET /2025/08/03/page-46?path=%2F%2Fvar%2Frun HTTP/2.0" 403 4102 "-" "Mozilla/5.0 AppleWebKit/537.36 (KHTML, like Gecko; compatible; ClaudeBot/1.0; +claudebot@anthropic.com)" 56 **0/56973**
74.7.227.143 - - [10/Mar/2026:05:42:10 -0700] "GET /2025/09/17/online-casina-pro-ceske-hrace-objevte-svt-zabavy-a-10/?path=//proc/self/root/proc/thread-self/root/opt/cpanel/ea-libxml2/lib64/cmake/libxml2 HTTP/2.0" 200 2681 "https://blog.theomggroup.com/2025/09/17/online-casina-pro-ceske-hrace-objevte-svt-zabavy-a-10/?path=//proc/self/root/proc/thread-self/root/opt/cpanel/ea-libxml2/lib64/cmake" "Mozilla/5.0 AppleWebKit/537.36 (KHTML, like Gecko; compatible; GPTBot/1.3; +https://openai.com/gptbot)" 41 **0/41787**
216.73.216.51 - - [10/Mar/2026:05:42:10 -0700] "GET /2025/08/03/page-46?path=%2F%2Flib64%2Fgssproxy HTTP/2.0" 403 4102 "-" "Mozilla/5.0 AppleWebKit/537.36 (KHTML, like Gecko; compatible; ClaudeBot/1.0; +claudebot@anthropic.com)" 53 **0/53834**
216.73.216.51 - - [10/Mar/2026:05:42:10 -0700] "GET /2025/08/03/page-46?fileloc=%2F%2Fbin%2Fsqlite3&path=%2F%2Fbin HTTP/2.0" 403 4102 "-" "Mozilla/5.0 AppleWebKit/537.36 (KHTML, like Gecko; compatible; ClaudeBot/1.0; +claudebot@anthropic.com)" 51 **0/51808**
216.73.216.51 - - [10/Mar/2026:05:42:10 -0700] "GET /2025/08/03/page-46?path=%2F%2Fvar%2Flog HTTP/2.0" 403 4102 "-" "Mozilla/5.0 AppleWebKit/537.36 (KHTML, like Gecko; compatible; ClaudeBot/1.0; +claudebot@anthropic.com)" 36 **0/36261**
216.73.216.51 - - [10/Mar/2026:05:42:10 -0700] "GET /2025/08/03/page-46?path=%2F%2Fetc%2Fssl HTTP/2.0" 403 4102 "-" "Mozilla/5.0 AppleWebKit/537.36 (KHTML, like Gecko; compatible; ClaudeBot/1.0; +claudebot@anthropic.com)" 41 **0/41788**
216.73.216.51 - - [10/Mar/2026:05:42:11 -0700] "GET /2025/08/03/page-46?fileloc=%2F%2Fbin%2Fdiff3&path=%2F%2Fbin HTTP/2.0" 403 4102 "-" "Mozilla/5.0 AppleWebKit/537.36 (KHTML, like Gecko; compatible; ClaudeBot/1.0; +claudebot@anthropic.com)" 62 **0/62764**
216.73.216.51 - - [10/Mar/2026:05:42:11 -0700] "GET /2025/08/03/page-46?fileloc=%2F%2Fsbin%2Fproxyexec&path=%2F%2Fsbin HTTP/2.0" 403 4102 "-" "Mozilla/5.0 AppleWebKit/537.36 (KHTML, like Gecko; compatible; ClaudeBot/1.0; +claudebot@anthropic.com)" 53 **0/53875**
74.7.227.143 - - [10/Mar/2026:05:42:11 -0700] "GET /2025/09/17/online-casina-pro-ceske-hrace-objevte-svt-zabavy-a-10/?path=//proc/self/root/proc/thread-self/root/opt/alt/python-internal/lib64/python3.11/email/mime HTTP/2.0" 200 3018 "https://blog.theomggroup.com/2025/09/17/online-casina-pro-ceske-hrace-objevte-svt-zabavy-a-10/?path=//proc/self/root/proc/thread-self/root/opt/alt/python-internal/lib64/python3.11/email" "Mozilla/5.0 AppleWebKit/537.36 (KHTML, like Gecko; compatible; GPTBot/1.3; +https://openai.com/gptbot)" 45 **0/45244**
216.73.216.51 - - [10/Mar/2026:05:42:11 -0700] "GET /2025/08/03/page-46?fileloc=%2F%2Fbin%2Fbzdiff&path=%2F%2Fbin HTTP/2.0" 403 4102 "-" "Mozilla/5.0 AppleWebKit/537.36 (KHTML, like Gecko; compatible; ClaudeBot/1.0; +claudebot@anthropic.com)" 51 **0/51718**
216.73.216.51 - - [10/Mar/2026:05:42:11 -0700] "GET /2025/08/03/page-46?path=%2F%2Flib%2Fbinfmt.d HTTP/2.0" 403 4102 "-" "Mozilla/5.0 AppleWebKit/537.36 (KHTML, like Gecko; compatible; ClaudeBot/1.0; +claudebot@anthropic.com)" 50 **0/50081**
216.73.216.51 - - [10/Mar/2026:05:42:11 -0700] "GET /2025/08/03/page-46?path=%2F%2Frun%2Fsepermit HTTP/2.0" 403 4102 "-" "Mozilla/5.0 AppleWebKit/537.36 (KHTML, like Gecko; compatible; ClaudeBot/1.0; +claudebot@anthropic.com)" 48 **0/48067**
216.73.216.51 - - [10/Mar/2026:05:42:11 -0700] "GET /2025/08/03/page-46?fileloc=%2F%2Fbin%2Fghostscript&path=%2F%2Fbin HTTP/2.0" 403 4102 "-" "Mozilla/5.0 AppleWebKit/537.36 (KHTML, like Gecko; compatible; ClaudeBot/1.0; +claudebot@anthropic.com)" 43 **0/43909**
216.73.216.51 - - [10/Mar/2026:05:42:11 -0700] "GET /2025/08/03/page-46?path=%2F%2Fvar%2Fopt HTTP/2.0" 403 4102 "-" "Mozilla/5.0 AppleWebKit/537.36 (KHTML, like Gecko; compatible; ClaudeBot/1.0; +claudebot@anthropic.com)" 51 **0/51556**
216.73.216.51 - - [10/Mar/2026:05:42:11 -0700] "GET /2025/08/03/page-46?fileloc=%2F%2Fbin%2Fdiff&path=%2F%2Fbin HTTP/2.0" 403 4102 "-" "Mozilla/5.0 AppleWebKit/537.36 (KHTML, like Gecko; compatible; ClaudeBot/1.0; +claudebot@anthropic.com)" 46 **0/46879**
74.7.227.143 - - [10/Mar/2026:05:42:11 -0700] "GET /2025/09/17/online-casina-pro-ceske-hrace-objevte-svt-zabavy-a-10/?path=//proc/self/root/proc/thread-self/root/opt/alt/python27/lib64/python2.7/encodings HTTP/2.0" 200 8247 "https://blog.theomggroup.com/2025/09/17/online-casina-pro-ceske-hrace-objevte-svt-zabavy-a-10/?path=//proc/self/root/proc/thread-self/root/opt/alt/python27/lib64/python2.7" "Mozilla/5.0 AppleWebKit/537.36 (KHTML, like Gecko; compatible; GPTBot/1.3; +https://openai.com/gptbot)" 79 **0/79735**
216.73.216.51 - - [10/Mar/2026:05:42:11 -0700] "GET /2025/08/03/page-46?path=%2F%2Flib64%2Fsecurity HTTP/2.0" 403 4102 "-" "Mozilla/5.0 AppleWebKit/537.36 (KHTML, like Gecko; compatible; ClaudeBot/1.0; +claudebot@anthropic.com)" 61 **0/61829**
216.73.216.51 - - [10/Mar/2026:05:42:11 -0700] "GET /2025/08/03/page-46?path=%2F%2Fetc%2Fgcrypt HTTP/2.0" 403 4102 "-" "Mozilla/5.0 AppleWebKit/537.36 (KHTML, like Gecko; compatible; ClaudeBot/1.0; +claudebot@anthropic.com)" 43 **0/43241**
216.73.216.51 - - [10/Mar/2026:05:42:11 -0700] "GET /2025/08/03/page-46?path=%2F%2Frun%2Ffaillock HTTP/2.0" 403 4102 "-" "Mozilla/5.0 AppleWebKit/537.36 (KHTML, like Gecko; compatible; ClaudeBot/1.0; +claudebot@anthropic.com)" 65 **0/65884**
216.73.216.51 - - [10/Mar/2026:05:42:12 -0700] "GET /2025/08/03/page-46?fileloc=%2F%2Fbin%2Fexpr&path=%2F%2Fbin HTTP/2.0" 403 4102 "-" "Mozilla/5.0 AppleWebKit/537.36 (KHTML, like Gecko; compatible; ClaudeBot/1.0; +claudebot@anthropic.com)" 47 **0/47589**
216.73.216.51 - - [10/Mar/2026:05:42:12 -0700] "GET /2025/08/03/page-46?fileloc=%2F%2Flib64%2Flibpython2.7.so&path=%2F%2Flib64 HTTP/2.0" 403 4102 "-" "Mozilla/5.0 AppleWebKit/537.36 (KHTML, like Gecko; compatible; ClaudeBot/1.0; +claudebot@anthropic.com)" 48 **0/48753**
74.7.227.143 - - [10/Mar/2026:05:42:12 -0700] "GET /2025/09/17/online-casina-pro-ceske-hrace-objevte-svt-zabavy-a-10/?path=//proc/thread-self/root/proc/self/root/opt/alt/python37/lib/python3.7/site-packages/urllib3/packages/backports/__pycache__ HTTP/2.0" 200 2785 "https://blog.theomggroup.com/2025/09/17/online-casina-pro-ceske-hrace-objevte-svt-zabavy-a-10/?path=//proc/thread-self/root/proc/self/root/opt/alt/python37/lib/python3.7/site-packages/urllib3/packages/backports" "Mozilla/5.0 AppleWebKit/537.36 (KHTML, like Gecko; compatible; GPTBot/1.3; +https://openai.com/gptbot)" 46 **0/46511**
216.73.216.51 - - [10/Mar/2026:05:42:12 -0700] "GET /2025/08/03/page-46?fileloc=%2F%2Fbin%2Fssh&path=%2F%2Fbin HTTP/2.0" 403 4102 "-" "Mozilla/5.0 AppleWebKit/537.36 (KHTML, like Gecko; compatible; ClaudeBot/1.0; +claudebot@anthropic.com)" 75 **0/75804**
216.73.216.51 - - [10/Mar/2026:05:42:12 -0700] "GET /2025/08/03/page-46?fileloc=%2F%2Flib64%2Flibpython3.so&path=%2F%2Flib64 HTTP/2.0" 403 4102 "-" "Mozilla/5.0 AppleWebKit/537.36 (KHTML, like Gecko; compatible; ClaudeBot/1.0; +claudebot@anthropic.com)" 55 **0/55552**
216.73.216.51 - - [10/Mar/2026:05:42:12 -0700] "GET /2025/08/03/page-46?path=%2F%2Fvar%2Fspool HTTP/2.0" 403 4102 "-" "Mozilla/5.0 AppleWebKit/537.36 (KHTML, like Gecko; compatible; ClaudeBot/1.0; +claudebot@anthropic.com)" 41 **0/41843**
216.73.216.51 - - [10/Mar/2026:05:42:12 -0700] "GET /2025/08/03/page-46?path=%2F%2Frun%2Fdbus HTTP/2.0" 403 4102 "-" "Mozilla/5.0 AppleWebKit/537.36 (KHTML, like Gecko; compatible; ClaudeBot/1.0; +claudebot@anthropic.com)" 59 **0/59202**
216.73.216.51 - - [10/Mar/2026:05:42:12 -0700] "GET /2025/08/03/page-46?path=%2F%2Flib%2Ftmpfiles.d HTTP/2.0" 403 4102 "-" "Mozilla/5.0 AppleWebKit/537.36 (KHTML, like Gecko; compatible; ClaudeBot/1.0; +claudebot@anthropic.com)" 46 **0/46807**
216.73.216.51 - - [10/Mar/2026:05:42:12 -0700] "GET /2025/08/03/page-46?path=%2F%2Fetc%2Fsysconfig HTTP/2.0" 403 4102 "-" "Mozilla/5.0 AppleWebKit/537.36 (KHTML, like Gecko; compatible; ClaudeBot/1.0; +claudebot@anthropic.com)" 58 **0/58042**
216.73.216.51 - - [10/Mar/2026:05:42:12 -0700] "GET /2025/08/03/page-46?path=%2F%2Flib%2Fsystemd HTTP/2.0" 403 4102 "-" "Mozilla/5.0 AppleWebKit/537.36 (KHTML, like Gecko; compatible; ClaudeBot/1.0; +claudebot@anthropic.com)" 59 **0/59256**
74.7.227.143 - - [10/Mar/2026:05:42:12 -0700] "GET /2025/09/17/online-casina-pro-ceske-hrace-objevte-svt-zabavy-a-10/?path=//opt/python38/lib/python3.8/concurrent/futures HTTP/2.0" 200 2797 "https://blog.theomggroup.com/2025/09/17/online-casina-pro-ceske-hrace-objevte-svt-zabavy-a-10/?path=//opt/python38/lib/python3.8/concurrent" "Mozilla/5.0 AppleWebKit/537.36 (KHTML, like Gecko; compatible; GPTBot/1.3; +https://openai.com/gptbot)" 54 **0/54230**
216.73.216.51 - - [10/Mar/2026:05:42:12 -0700] "GET /2025/08/03/page-46?path=%2F%2Flib64%2Frpm-plugins HTTP/2.0" 403 4102 "-" "Mozilla/5.0 AppleWebKit/537.36 (KHTML, like Gecko; compatible; ClaudeBot/1.0; +claudebot@anthropic.com)" 51 **0/51365**
216.73.216.51 - - [10/Mar/2026:05:42:12 -0700] "GET /2025/08/03/page-46?fileloc=%2F%2Fbin%2Fgit-shell&path=%2F%2Fbin HTTP/2.0" 403 4102 "-" "Mozilla/5.0 AppleWebKit/537.36 (KHTML, like Gecko; compatible; ClaudeBot/1.0; +claudebot@anthropic.com)" 44 **0/44717**
216.73.216.51 - - [10/Mar/2026:05:42:13 -0700] "GET /2025/08/03/page-46?path=%2F%2Flib64%2Fbind HTTP/2.0" 403 4102 "-" "Mozilla/5.0 AppleWebKit/537.36 (KHTML, like Gecko; compatible; ClaudeBot/1.0; +claudebot@anthropic.com)" 48 **0/48721**
216.73.216.51 - - [10/Mar/2026:05:42:13 -0700] "GET /2025/08/03/page-46?path=%2F%2Flib%2Fmodprobe.d HTTP/2.0" 403 4102 "-" "Mozilla/5.0 AppleWebKit/537.36 (KHTML, like Gecko; compatible; ClaudeBot/1.0; +claudebot@anthropic.com)" 48 **0/48206**
216.73.216.51 - - [10/Mar/2026:05:42:13 -0700] "GET /2025/08/03/page-46?path=%2F%2Fetc%2Fsecurity HTTP/2.0" 403 4102 "-" "Mozilla/5.0 AppleWebKit/537.36 (KHTML, like Gecko; compatible; ClaudeBot/1.0; +claudebot@anthropic.com)" 64 **0/64157**
216.73.216.51 - - [10/Mar/2026:05:42:13 -0700] "GET /2025/08/03/page-46?path=%2F%2Frun%2Fscreen HTTP/2.0" 403 4102 "-" "Mozilla/5.0 AppleWebKit/537.36 (KHTML, like Gecko; compatible; ClaudeBot/1.0; +claudebot@anthropic.com)" 60 **0/60442**
74.7.227.143 - - [10/Mar/2026:05:42:13 -0700] "GET /2025/09/17/online-casina-pro-ceske-hrace-objevte-svt-zabavy-a-10/?path=//proc/thread-self/root/opt/alt/python33/lib64/python3.3/lib2to3/pgen2 HTTP/2.0" 200 3009 "https://blog.theomggroup.com/2025/09/17/online-casina-pro-ceske-hrace-objevte-svt-zabavy-a-10/?path=//proc/thread-self/root/opt/alt/python33/lib64/python3.3/lib2to3" "Mozilla/5.0 AppleWebKit/537.36 (KHTML, like Gecko; compatible; GPTBot/1.3; +https://openai.com/gptbot)" 79 **0/79737**
216.73.216.51 - - [10/Mar/2026:05:42:13 -0700] "GET /2025/08/03/page-46?fileloc=%2F%2Fbin%2Frecode&path=%2F%2Fbin HTTP/2.0" 403 4102 "-" "Mozilla/5.0 AppleWebKit/537.36 (KHTML, like Gecko; compatible; ClaudeBot/1.0; +claudebot@anthropic.com)" 58 **0/58114**
216.73.216.51 - - [10/Mar/2026:05:42:13 -0700] "GET /2025/08/03/page-46?path=%2F%2Fetc%2Fdefault HTTP/2.0" 403 4102 "-" "Mozilla/5.0 AppleWebKit/537.36 (KHTML, like Gecko; compatible; ClaudeBot/1.0; +claudebot@anthropic.com)" 48 **0/48482**
216.73.216.51 - - [10/Mar/2026:05:42:13 -0700] "GET /2025/08/03/page-46?path=%2F%2Flib%2Fsysimage HTTP/2.0" 403 4102 "-" "Mozilla/5.0 AppleWebKit/537.36 (KHTML, like Gecko; compatible; ClaudeBot/1.0; +claudebot@anthropic.com)" 49 **0/49755**
216.73.216.51 - - [10/Mar/2026:05:42:13 -0700] "GET /2025/08/03/page-46?path=%2F%2Flib64%2Fbind9-export HTTP/2.0" 403 4102 "-" "Mozilla/5.0 AppleWebKit/537.36 (KHTML, like Gecko; compatible; ClaudeBot/1.0; +claudebot@anthropic.com)" 53 **0/53718**
216.73.216.51 - - [10/Mar/2026:05:42:13 -0700] "GET /2025/08/03/page-46?path=%2F%2Frun%2Fconsole HTTP/2.0" 403 4102 "-" "Mozilla/5.0 AppleWebKit/537.36 (KHTML, like Gecko; compatible; ClaudeBot/1.0; +claudebot@anthropic.com)" 51 **0/51819**
216.73.216.51 - - [10/Mar/2026:05:42:13 -0700] "GET /2025/08/03/page-46?path=%2F%2Fetc%2Fenvironment-modules HTTP/2.0" 403 4102 "-" "Mozilla/5.0 AppleWebKit/537.36 (KHTML, like Gecko; compatible; ClaudeBot/1.0; +claudebot@anthropic.com)" 44 **0/44057**
216.73.216.51 - - [10/Mar/2026:05:42:13 -0700] "GET /2025/08/03/page-46?path=%2F%2Frun%2Fsystemd HTTP/2.0" 403 4102 "-" "Mozilla/5.0 AppleWebKit/537.36 (KHTML, like Gecko; compatible; ClaudeBot/1.0; +claudebot@anthropic.com)" 47 **0/47300**
216.73.216.51 - - [10/Mar/2026:05:42:14 -0700] "GET /2025/08/03/page-46?fileloc=%2F%2Fbin%2Fcpp&path=%2F%2Fbin HTTP/2.0" 403 4102 "-" "Mozilla/5.0 AppleWebKit/537.36 (KHTML, like Gecko; compatible; ClaudeBot/1.0; +claudebot@anthropic.com)" 58 **0/58515**
216.73.216.51 - - [10/Mar/2026:05:42:14 -0700] "GET /2025/08/03/page-46?path=%2F%2Fetc%2Fmodulefiles HTTP/2.0" 403 4102 "-" "Mozilla/5.0 AppleWebKit/537.36 (KHTML, like Gecko; compatible; ClaudeBot/1.0; +claudebot@anthropic.com)" 62 **0/62867**
216.73.216.51 - - [10/Mar/2026:05:42:14 -0700] "GET /2025/08/03/page-46?path=%2F%2Fvar%2Ftmp HTTP/2.0" 403 4102 "-" "Mozilla/5.0 AppleWebKit/537.36 (KHTML, like Gecko; compatible; ClaudeBot/1.0; +claudebot@anthropic.com)" 43 **0/43949**
216.73.216.51 - - [10/Mar/2026:05:42:14 -0700] "GET /2025/08/03/page-46?fileloc=%2F%2Fbin%2Fvimdiff&path=%2F%2Fbin HTTP/2.0" 403 4102 "-" "Mozilla/5.0 AppleWebKit/537.36 (KHTML, like Gecko; compatible; ClaudeBot/1.0; +claudebot@anthropic.com)" 45 **0/45618**
74.7.227.143 - - [10/Mar/2026:05:42:13 -0700] "GET /2025/09/17/online-casina-pro-ceske-hrace-objevte-svt-zabavy-a-10/?path=//proc/thread-self/root/opt/alt/python37/lib64/python3.7/lib2to3/pgen2 HTTP/2.0" 200 3012 "https://blog.theomggroup.com/2025/09/17/online-casina-pro-ceske-hrace-objevte-svt-zabavy-a-10/?path=//proc/thread-self/root/opt/alt/python37/lib64/python3.7/lib2to3" "Mozilla/5.0 AppleWebKit/537.36 (KHTML, like Gecko; compatible; GPTBot/1.3; +https://openai.com/gptbot)" 527 **0/527295**
74.7.227.143 - - [10/Mar/2026:05:42:14 -0700] "GET /2025/09/17/online-casina-pro-ceske-hrace-objevte-svt-zabavy-a-10/?path=//proc/thread-self/root/opt/alt/python34/lib64/python3.4/lib2to3/pgen2 HTTP/2.0" 200 3007 "https://blog.theomggroup.com/2025/09/17/online-casina-pro-ceske-hrace-objevte-svt-zabavy-a-10/?path=//proc/thread-self/root/opt/alt/python34/lib64/python3.4/lib2to3" "Mozilla/5.0 AppleWebKit/537.36 (KHTML, like Gecko; compatible; GPTBot/1.3; +https://openai.com/gptbot)" 47 **0/47462**
216.73.216.51 - - [10/Mar/2026:05:42:14 -0700] "GET /2025/08/03/page-46?path=%2F%2Flib%2Fmodules HTTP/2.0" 403 4102 "-" "Mozilla/5.0 AppleWebKit/537.36 (KHTML, like Gecko; compatible; ClaudeBot/1.0; +claudebot@anthropic.com)" 42 **0/42623**
216.73.216.51 - - [10/Mar/2026:05:42:14 -0700] "GET /2025/08/03/page-46?path=%2F%2Flib64%2Fapache2 HTTP/2.0" 403 4102 "-" "Mozilla/5.0 AppleWebKit/537.36 (KHTML, like Gecko; compatible; ClaudeBot/1.0; +claudebot@anthropic.com)" 47 **0/47204**
216.73.216.51 - - [10/Mar/2026:05:42:14 -0700] "GET /2025/08/03/page-46?path=%2F%2Flib%2Fsysctl.d HTTP/2.0" 403 4102 "-" "Mozilla/5.0 AppleWebKit/537.36 (KHTML, like Gecko; compatible; ClaudeBot/1.0; +claudebot@anthropic.com)" 46 **0/46629**
216.73.216.51 - - [10/Mar/2026:05:42:14 -0700] "GET /2025/08/03/page-46?path=%2F%2Fvar%2Fcache HTTP/2.0" 403 4102 "-" "Mozilla/5.0 AppleWebKit/537.36 (KHTML, like Gecko; compatible; ClaudeBot/1.0; +claudebot@anthropic.com)" 41 **0/41550**
216.73.216.51 - - [10/Mar/2026:05:42:14 -0700] "GET /2025/08/03/page-46?path=%2F%2Flib%2Fkernel HTTP/2.0" 403 4102 "-" "Mozilla/5.0 AppleWebKit/537.36 (KHTML, like Gecko; compatible; ClaudeBot/1.0; +claudebot@anthropic.com)" 50 **0/50790**
216.73.216.51 - - [10/Mar/2026:05:42:14 -0700] "GET /2025/08/03/page-46?path=%2F%2Fetc%2Fssh HTTP/2.0" 403 4102 "-" "Mozilla/5.0 AppleWebKit/537.36 (KHTML, like Gecko; compatible; ClaudeBot/1.0; +claudebot@anthropic.com)" 53 **0/53885**
74.7.227.143 - - [10/Mar/2026:05:42:14 -0700] "GET /2025/09/17/online-casina-pro-ceske-hrace-objevte-svt-zabavy-a-10/?path=//proc/thread-self/root/opt/alt/python36/lib64/python3.6/lib2to3/pgen2 HTTP/2.0" 200 3011 "https://blog.theomggroup.com/2025/09/17/online-casina-pro-ceske-hrace-objevte-svt-zabavy-a-10/?path=//proc/thread-self/root/opt/alt/python36/lib64/python3.6/lib2to3" "Mozilla/5.0 AppleWebKit/537.36 (KHTML, like Gecko; compatible; GPTBot/1.3; +https://openai.com/gptbot)" 62 **0/62751**
216.73.216.51 - - [10/Mar/2026:05:42:14 -0700] "GET /2025/08/03/page-46?path=%2F%2Flib%2Fmodules-load.d HTTP/2.0" 403 4102 "-" "Mozilla/5.0 AppleWebKit/537.36 (KHTML, like Gecko; compatible; ClaudeBot/1.0; +claudebot@anthropic.com)" 44 **0/44906**
216.73.216.51 - - [10/Mar/2026:05:42:15 -0700] "GET /2025/08/03/page-46?path=%2F%2Flib%2Fsysusers.d HTTP/2.0" 403 4102 "-" "Mozilla/5.0 AppleWebKit/537.36 (KHTML, like Gecko; compatible; ClaudeBot/1.0; +claudebot@anthropic.com)" 48 **0/48501**
216.73.216.51 - - [10/Mar/2026:05:42:15 -0700] "GET /2025/08/03/page-46?path=%2F%2Fetc%2Fapache2 HTTP/2.0" 403 4102 "-" "Mozilla/5.0 AppleWebKit/537.36 (KHTML, like Gecko; compatible; ClaudeBot/1.0; +claudebot@anthropic.com)" 47 **0/47508**
216.73.216.51 - - [10/Mar/2026:05:42:15 -0700] "GET /2025/08/03/page-46?fileloc=%2F%2Fbin%2Fpython3.6m&path=%2F%2Fbin HTTP/2.0" 403 4102 "-" "Mozilla/5.0 AppleWebKit/537.36 (KHTML, like Gecko; compatible; ClaudeBot/1.0; +claudebot@anthropic.com)" 42 **0/42655**
216.73.216.51 - - [10/Mar/2026:05:42:15 -0700] "GET /2025/08/03/page-46?path=%2F%2Fetc%2Fcl.php.d HTTP/2.0" 403 4102 "-" "Mozilla/5.0 AppleWebKit/537.36 (KHTML, like Gecko; compatible; ClaudeBot/1.0; +claudebot@anthropic.com)" 56 **0/56161**
216.73.216.51 - - [10/Mar/2026:05:42:15 -0700] "GET /2025/08/03/page-46?path=%2F%2Flib%2Fdebug HTTP/2.0" 403 4102 "-" "Mozilla/5.0 AppleWebKit/537.36 (KHTML, like Gecko; compatible; ClaudeBot/1.0; +claudebot@anthropic.com)" 72 **0/72949**
74.7.227.143 - - [10/Mar/2026:05:42:15 -0700] "GET /2025/09/17/online-casina-pro-ceske-hrace-objevte-svt-zabavy-a-10/?path=//proc/thread-self/root/opt/alt/python39/lib64/python3.9/lib2to3/pgen2 HTTP/2.0" 200 3009 "https://blog.theomggroup.com/2025/09/17/online-casina-pro-ceske-hrace-objevte-svt-zabavy-a-10/?path=//proc/thread-self/root/opt/alt/python39/lib64/python3.9/lib2to3" "Mozilla/5.0 AppleWebKit/537.36 (KHTML, like Gecko; compatible; GPTBot/1.3; +https://openai.com/gptbot)" 55 **0/55197**
216.73.216.51 - - [10/Mar/2026:05:42:15 -0700] "GET /2025/08/03/page-46?fileloc=%2F%2Fbin%2Fpython3.6&path=%2F%2Fbin HTTP/2.0" 403 4102 "-" "Mozilla/5.0 AppleWebKit/537.36 (KHTML, like Gecko; compatible; ClaudeBot/1.0; +claudebot@anthropic.com)" 57 **0/57138**
216.73.216.51 - - [10/Mar/2026:05:42:15 -0700] "GET /2025/08/03/page-46?path=%2F%2Fopt%2Fsuphp HTTP/2.0" 403 4102 "-" "Mozilla/5.0 AppleWebKit/537.36 (KHTML, like Gecko; compatible; ClaudeBot/1.0; +claudebot@anthropic.com)" 50 **0/50769**
216.73.216.51 - - [10/Mar/2026:05:42:15 -0700] "GET /2025/08/03/page-46?path=%2F%2Flib64%2Flua HTTP/2.0" 403 4102 "-" "Mozilla/5.0 AppleWebKit/537.36 (KHTML, like Gecko; compatible; ClaudeBot/1.0; +claudebot@anthropic.com)" 47 **0/47016**
216.73.216.51 - - [10/Mar/2026:05:42:15 -0700] "GET /2025/08/03/page-46?path=%2F%2Fopt%2Fcloudlinux-linksafe HTTP/2.0" 403 4102 "-" "Mozilla/5.0 AppleWebKit/537.36 (KHTML, like Gecko; compatible; ClaudeBot/1.0; +claudebot@anthropic.com)" 52 **0/52759**
216.73.216.51 - - [10/Mar/2026:05:42:15 -0700] "GET /2025/08/03/page-46?path=%2F%2Fvar%2Fphp HTTP/2.0" 403 4102 "-" "Mozilla/5.0 AppleWebKit/537.36 (KHTML, like Gecko; compatible; ClaudeBot/1.0; +claudebot@anthropic.com)" 44 **0/44909**
74.7.227.143 - - [10/Mar/2026:05:42:15 -0700] "GET /2025/09/17/online-casina-pro-ceske-hrace-objevte-svt-zabavy-a-10/?path=//proc/thread-self/root/proc/self/root/opt/alt/python-internal/lib64/python3.11/pydoc_data/__pycache__ HTTP/2.0" 200 2829 "https://blog.theomggroup.com/2025/09/17/online-casina-pro-ceske-hrace-objevte-svt-zabavy-a-10/?path=//proc/thread-self/root/proc/self/root/opt/alt/python-internal/lib64/python3.11/pydoc_data" "Mozilla/5.0 AppleWebKit/537.36 (KHTML, like Gecko; compatible; GPTBot/1.3; +https://openai.com/gptbot)" 57 **0/57401**
216.73.216.51 - - [10/Mar/2026:05:42:15 -0700] "GET /2025/08/03/page-46?fileloc=%2F%2Fbin%2Fpython2.7&path=%2F%2Fbin HTTP/2.0" 403 4102 "-" "Mozilla/5.0 AppleWebKit/537.36 (KHTML, like Gecko; compatible; ClaudeBot/1.0; +claudebot@anthropic.com)" 57 **0/57820**
216.73.216.51 - - [10/Mar/2026:05:42:16 -0700] "GET /2025/08/03/page-46?fileloc=%2F%2Fbin%2Fpython3&path=%2F%2Fbin HTTP/2.0" 403 4102 "-" "Mozilla/5.0 AppleWebKit/537.36 (KHTML, like Gecko; compatible; ClaudeBot/1.0; +claudebot@anthropic.com)" 55 **0/55369**
