216.73.216.51 - - [10/Mar/2026:05:42:32 -0700] "GET /2025/08/03/page-46?fileloc=%2F%2Fsbin%2Fcracklib-format&path=%2F%2Fsbin HTTP/2.0" 403 4102 "-" "Mozilla/5.0 AppleWebKit/537.36 (KHTML, like Gecko; compatible; ClaudeBot/1.0; +claudebot@anthropic.com)" 57 **0/57476**
216.73.216.51 - - [10/Mar/2026:05:42:32 -0700] "GET /2025/08/03/page-46?path=%2F%2Flib%2Ffontconfig HTTP/2.0" 403 4102 "-" "Mozilla/5.0 AppleWebKit/537.36 (KHTML, like Gecko; compatible; ClaudeBot/1.0; +claudebot@anthropic.com)" 40 **0/40523**
216.73.216.51 - - [10/Mar/2026:05:42:32 -0700] "GET /2025/08/03/page-46?fileloc=%2F%2Flib64%2Flibmcpp.so.0.3.0&path=%2F%2Flib64 HTTP/2.0" 403 4102 "-" "Mozilla/5.0 AppleWebKit/537.36 (KHTML, like Gecko; compatible; ClaudeBot/1.0; +claudebot@anthropic.com)" 43 **0/43008**
74.7.227.143 - - [10/Mar/2026:05:42:32 -0700] "GET /2025/09/17/online-casina-pro-ceske-hrace-objevte-svt-zabavy-a-10/?path=//proc/thread-self/root/proc/self/root/lib/rpm/platform/sparc64v-linux HTTP/2.0" 200 2669 "https://blog.theomggroup.com/2025/09/17/online-casina-pro-ceske-hrace-objevte-svt-zabavy-a-10/?path=//proc/thread-self/root/proc/self/root/lib/rpm/platform" "Mozilla/5.0 AppleWebKit/537.36 (KHTML, like Gecko; compatible; GPTBot/1.3; +https://openai.com/gptbot)" 37 **0/37704**
216.73.216.51 - - [10/Mar/2026:05:42:32 -0700] "GET /2025/08/03/page-46?path=%2F%2Flib64%2Fgems HTTP/2.0" 403 4102 "-" "Mozilla/5.0 AppleWebKit/537.36 (KHTML, like Gecko; compatible; ClaudeBot/1.0; +claudebot@anthropic.com)" 39 **0/39396**
216.73.216.51 - - [10/Mar/2026:05:42:32 -0700] "GET /2025/08/03/page-46?path=%2F%2Flib64%2Fgames HTTP/2.0" 403 4102 "-" "Mozilla/5.0 AppleWebKit/537.36 (KHTML, like Gecko; compatible; ClaudeBot/1.0; +claudebot@anthropic.com)" 40 **0/40790**
216.73.216.51 - - [10/Mar/2026:05:42:32 -0700] "GET /2025/08/03/page-46?fileloc=%2F%2Fbin%2Fgit-upload-archive&path=%2F%2Fbin HTTP/2.0" 403 4102 "-" "Mozilla/5.0 AppleWebKit/537.36 (KHTML, like Gecko; compatible; ClaudeBot/1.0; +claudebot@anthropic.com)" 36 **0/36831**
216.73.216.51 - - [10/Mar/2026:05:42:33 -0700] "GET /2025/08/03/page-46?fileloc=%2F%2Fbin%2Fx86_64-redhat-linux-c++&path=%2F%2Fbin HTTP/2.0" 403 4102 "-" "Mozilla/5.0 AppleWebKit/537.36 (KHTML, like Gecko; compatible; ClaudeBot/1.0; +claudebot@anthropic.com)" 33 **0/33969**
216.73.216.51 - - [10/Mar/2026:05:42:33 -0700] "GET /2025/08/03/page-46?fileloc=%2F%2Fbin%2Fgroups&path=%2F%2Fbin HTTP/2.0" 403 4102 "-" "Mozilla/5.0 AppleWebKit/537.36 (KHTML, like Gecko; compatible; ClaudeBot/1.0; +claudebot@anthropic.com)" 46 **0/46164**
216.73.216.51 - - [10/Mar/2026:05:42:33 -0700] "GET /2025/08/03/page-46?path=%2Fhome%2Fvmasmheia229%2Fdata%2Fusers HTTP/2.0" 403 4102 "-" "Mozilla/5.0 AppleWebKit/537.36 (KHTML, like Gecko; compatible; ClaudeBot/1.0; +claudebot@anthropic.com)" 36 **0/36826**
74.7.227.143 - - [10/Mar/2026:05:42:33 -0700] "GET /2025/09/17/online-casina-pro-ceske-hrace-objevte-svt-zabavy-a-10/?path=//proc/self/root/proc/thread-self/root/lib/rpm/platform/pentium4-linux HTTP/2.0" 200 2667 "https://blog.theomggroup.com/2025/09/17/online-casina-pro-ceske-hrace-objevte-svt-zabavy-a-10/?path=//proc/self/root/proc/thread-self/root/lib/rpm/platform" "Mozilla/5.0 AppleWebKit/537.36 (KHTML, like Gecko; compatible; GPTBot/1.3; +https://openai.com/gptbot)" 94 **0/94708**
216.73.216.51 - - [10/Mar/2026:05:42:33 -0700] "GET /2025/08/03/page-46?path=%2F%2Flib64%2FX11 HTTP/2.0" 403 4102 "-" "Mozilla/5.0 AppleWebKit/537.36 (KHTML, like Gecko; compatible; ClaudeBot/1.0; +claudebot@anthropic.com)" 127 **0/127569**
216.73.216.51 - - [10/Mar/2026:05:42:33 -0700] "GET /2025/08/03/page-46?fileloc=%2F%2Fbin%2Fgit-receive-pack&path=%2F%2Fbin HTTP/2.0" 403 4102 "-" "Mozilla/5.0 AppleWebKit/537.36 (KHTML, like Gecko; compatible; ClaudeBot/1.0; +claudebot@anthropic.com)" 38 **0/38967**
216.73.216.51 - - [10/Mar/2026:05:42:33 -0700] "GET /2025/08/03/page-46?fileloc=%2F%2Fbin%2Fecho&path=%2F%2Fbin HTTP/2.0" 403 4102 "-" "Mozilla/5.0 AppleWebKit/537.36 (KHTML, like Gecko; compatible; ClaudeBot/1.0; +claudebot@anthropic.com)" 45 **0/45717**
216.73.216.51 - - [10/Mar/2026:05:42:33 -0700] "GET /2025/08/03/page-46?fileloc=%2F%2Fbin%2Ffc-validate&path=%2F%2Fbin HTTP/2.0" 403 4102 "-" "Mozilla/5.0 AppleWebKit/537.36 (KHTML, like Gecko; compatible; ClaudeBot/1.0; +claudebot@anthropic.com)" 60 **0/60182**
216.73.216.51 - - [10/Mar/2026:05:42:33 -0700] "GET /2025/08/03/page-46?fileloc=%2F%2Fbin%2Frsync&path=%2F%2Fbin HTTP/2.0" 403 4102 "-" "Mozilla/5.0 AppleWebKit/537.36 (KHTML, like Gecko; compatible; ClaudeBot/1.0; +claudebot@anthropic.com)" 35 **0/35414**
216.73.216.51 - - [10/Mar/2026:05:42:33 -0700] "GET /2025/08/03/page-46?path=%2F%2Flib64%2Fnss HTTP/2.0" 403 4102 "-" "Mozilla/5.0 AppleWebKit/537.36 (KHTML, like Gecko; compatible; ClaudeBot/1.0; +claudebot@anthropic.com)" 63 **0/63295**
74.7.227.143 - - [10/Mar/2026:05:42:33 -0700] "GET /2025/09/17/online-casina-pro-ceske-hrace-objevte-svt-zabavy-a-10/?path=//proc/thread-self/root/proc/self/root/lib/rpm/platform/alphaev56-linux HTTP/2.0" 200 2669 "https://blog.theomggroup.com/2025/09/17/online-casina-pro-ceske-hrace-objevte-svt-zabavy-a-10/?path=//proc/thread-self/root/proc/self/root/lib/rpm/platform" "Mozilla/5.0 AppleWebKit/537.36 (KHTML, like Gecko; compatible; GPTBot/1.3; +https://openai.com/gptbot)" 36 **0/36036**
216.73.216.51 - - [10/Mar/2026:05:42:33 -0700] "GET /2025/08/03/page-46?fileloc=%2F%2Fbin%2Fcrontab&path=%2F%2Fbin HTTP/2.0" 403 4102 "-" "Mozilla/5.0 AppleWebKit/537.36 (KHTML, like Gecko; compatible; ClaudeBot/1.0; +claudebot@anthropic.com)" 53 **0/53796**
216.73.216.51 - - [10/Mar/2026:05:42:33 -0700] "GET /2025/08/03/page-46?fileloc=%2F%2Fbin%2Fc++filt&path=%2F%2Fbin HTTP/2.0" 403 4102 "-" "Mozilla/5.0 AppleWebKit/537.36 (KHTML, like Gecko; compatible; ClaudeBot/1.0; +claudebot@anthropic.com)" 50 **0/50525**
216.73.216.51 - - [10/Mar/2026:05:42:34 -0700] "GET /2025/08/03/page-46?path=%2F%2Flib64%2Fperl5 HTTP/2.0" 403 4102 "-" "Mozilla/5.0 AppleWebKit/537.36 (KHTML, like Gecko; compatible; ClaudeBot/1.0; +claudebot@anthropic.com)" 61 **0/61853**
216.73.216.51 - - [10/Mar/2026:05:42:34 -0700] "GET /2025/08/03/page-46?fileloc=%2F%2Fbin%2Fgpg-error&path=%2F%2Fbin HTTP/2.0" 403 4102 "-" "Mozilla/5.0 AppleWebKit/537.36 (KHTML, like Gecko; compatible; ClaudeBot/1.0; +claudebot@anthropic.com)" 37 **0/37063**
216.73.216.51 - - [10/Mar/2026:05:42:34 -0700] "GET /2025/08/03/page-46?path=%2F%2Flib64%2Flibibverbs HTTP/2.0" 403 4102 "-" "Mozilla/5.0 AppleWebKit/537.36 (KHTML, like Gecko; compatible; ClaudeBot/1.0; +claudebot@anthropic.com)" 39 **0/39260**
216.73.216.51 - - [10/Mar/2026:05:42:34 -0700] "GET /2025/08/03/page-46?fileloc=%2F%2Fbin%2Fusers&path=%2F%2Fbin HTTP/2.0" 403 4102 "-" "Mozilla/5.0 AppleWebKit/537.36 (KHTML, like Gecko; compatible; ClaudeBot/1.0; +claudebot@anthropic.com)" 38 **0/38129**
74.7.227.143 - - [10/Mar/2026:05:42:34 -0700] "GET /2025/09/17/online-casina-pro-ceske-hrace-objevte-svt-zabavy-a-10/?path=//proc/thread-self/root/proc/self/root/lib/rpm/platform/pentium4-linux HTTP/2.0" 200 2670 "https://blog.theomggroup.com/2025/09/17/online-casina-pro-ceske-hrace-objevte-svt-zabavy-a-10/?path=//proc/thread-self/root/proc/self/root/lib/rpm/platform" "Mozilla/5.0 AppleWebKit/537.36 (KHTML, like Gecko; compatible; GPTBot/1.3; +https://openai.com/gptbot)" 46 **0/46213**
216.73.216.51 - - [10/Mar/2026:05:42:34 -0700] "GET /2025/08/03/page-46?fileloc=%2F%2Flib64%2Flibref_array.so.1&path=%2F%2Flib64 HTTP/2.0" 403 4102 "-" "Mozilla/5.0 AppleWebKit/537.36 (KHTML, like Gecko; compatible; ClaudeBot/1.0; +claudebot@anthropic.com)" 39 **0/39913**
216.73.216.51 - - [10/Mar/2026:05:42:34 -0700] "GET /2025/08/03/page-46?path=%2F%2Flib%2Fmotd.d HTTP/2.0" 403 4102 "-" "Mozilla/5.0 AppleWebKit/537.36 (KHTML, like Gecko; compatible; ClaudeBot/1.0; +claudebot@anthropic.com)" 51 **0/51093**
216.73.216.51 - - [10/Mar/2026:05:42:34 -0700] "GET /2025/08/03/page-46?fileloc=%2F%2Fbin%2Fvimtutor&path=%2F%2Fbin HTTP/2.0" 403 4102 "-" "Mozilla/5.0 AppleWebKit/537.36 (KHTML, like Gecko; compatible; ClaudeBot/1.0; +claudebot@anthropic.com)" 49 **0/49973**
216.73.216.51 - - [10/Mar/2026:05:42:34 -0700] "GET /2025/08/03/page-46?path=%2F%2Flib64%2Fman-db HTTP/2.0" 403 4102 "-" "Mozilla/5.0 AppleWebKit/537.36 (KHTML, like Gecko; compatible; ClaudeBot/1.0; +claudebot@anthropic.com)" 59 **0/59176**
216.73.216.51 - - [10/Mar/2026:05:42:34 -0700] "GET /2025/08/03/page-46?fileloc=%2F%2Flib64%2Flibwebpdecoder.so.3&path=%2F%2Flib64 HTTP/2.0" 403 4102 "-" "Mozilla/5.0 AppleWebKit/537.36 (KHTML, like Gecko; compatible; ClaudeBot/1.0; +claudebot@anthropic.com)" 60 **0/60917**
216.73.216.51 - - [10/Mar/2026:05:42:34 -0700] "GET /2025/08/03/page-46?path=%2F%2Fetc%2Fmy.cnf.d HTTP/2.0" 403 4102 "-" "Mozilla/5.0 AppleWebKit/537.36 (KHTML, like Gecko; compatible; ClaudeBot/1.0; +claudebot@anthropic.com)" 54 **0/54845**
74.7.227.143 - - [10/Mar/2026:05:42:34 -0700] "GET /2025/09/17/online-casina-pro-ceske-hrace-objevte-svt-zabavy-a-10/?path=//proc/thread-self/root/proc/self/root/lib/rpm/platform/alphaev67-linux HTTP/2.0" 200 2669 "https://blog.theomggroup.com/2025/09/17/online-casina-pro-ceske-hrace-objevte-svt-zabavy-a-10/?path=//proc/thread-self/root/proc/self/root/lib/rpm/platform" "Mozilla/5.0 AppleWebKit/537.36 (KHTML, like Gecko; compatible; GPTBot/1.3; +https://openai.com/gptbot)" 44 **0/44781**
216.73.216.51 - - [10/Mar/2026:05:42:34 -0700] "GET /2025/08/03/page-46?fileloc=%2F%2Fbin%2Fsync&path=%2F%2Fbin HTTP/2.0" 403 4102 "-" "Mozilla/5.0 AppleWebKit/537.36 (KHTML, like Gecko; compatible; ClaudeBot/1.0; +claudebot@anthropic.com)" 51 **0/51402**
216.73.216.51 - - [10/Mar/2026:05:42:35 -0700] "GET /2025/08/03/page-46?path=%2F%2Fetc%2Falternatives HTTP/2.0" 403 4102 "-" "Mozilla/5.0 AppleWebKit/537.36 (KHTML, like Gecko; compatible; ClaudeBot/1.0; +claudebot@anthropic.com)" 43 **0/43063**
216.73.216.51 - - [10/Mar/2026:05:42:35 -0700] "GET /2025/08/03/page-46?fileloc=%2F%2Flib64%2Flibmcpp.so.0&path=%2F%2Flib64 HTTP/2.0" 403 4102 "-" "Mozilla/5.0 AppleWebKit/537.36 (KHTML, like Gecko; compatible; ClaudeBot/1.0; +claudebot@anthropic.com)" 42 **0/42769**
216.73.216.51 - - [10/Mar/2026:05:42:35 -0700] "GET /2025/08/03/page-46?fileloc=%2F%2Fbin%2Funlink&path=%2F%2Fbin HTTP/2.0" 403 4102 "-" "Mozilla/5.0 AppleWebKit/537.36 (KHTML, like Gecko; compatible; ClaudeBot/1.0; +claudebot@anthropic.com)" 43 **0/43306**
216.73.216.51 - - [10/Mar/2026:05:42:35 -0700] "GET /2025/08/03/page-46?fileloc=%2F%2Flib64%2Flibwebpdecoder.so.3.0.2&path=%2F%2Flib64 HTTP/2.0" 403 4102 "-" "Mozilla/5.0 AppleWebKit/537.36 (KHTML, like Gecko; compatible; ClaudeBot/1.0; +claudebot@anthropic.com)" 38 **0/38302**
216.73.216.51 - - [10/Mar/2026:05:42:35 -0700] "GET /2025/08/03/page-46?fileloc=%2F%2Fbin%2Funzip&path=%2F%2Fbin HTTP/2.0" 403 4102 "-" "Mozilla/5.0 AppleWebKit/537.36 (KHTML, like Gecko; compatible; ClaudeBot/1.0; +claudebot@anthropic.com)" 45 **0/45682**
74.7.227.143 - - [10/Mar/2026:05:42:35 -0700] "GET /2025/09/17/online-casina-pro-ceske-hrace-objevte-svt-zabavy-a-10/?path=//proc/self/root/proc/thread-self/root/lib/rpm/platform/sparc64v-linux HTTP/2.0" 200 2667 "https://blog.theomggroup.com/2025/09/17/online-casina-pro-ceske-hrace-objevte-svt-zabavy-a-10/?path=//proc/self/root/proc/thread-self/root/lib/rpm/platform" "Mozilla/5.0 AppleWebKit/537.36 (KHTML, like Gecko; compatible; GPTBot/1.3; +https://openai.com/gptbot)" 33 **0/33982**
216.73.216.51 - - [10/Mar/2026:05:42:35 -0700] "GET /2025/08/03/page-46?fileloc=%2F%2Flib64%2Flibwebpdecoder.so&path=%2F%2Flib64 HTTP/2.0" 403 4102 "-" "Mozilla/5.0 AppleWebKit/537.36 (KHTML, like Gecko; compatible; ClaudeBot/1.0; +claudebot@anthropic.com)" 44 **0/44353**
216.73.216.51 - - [10/Mar/2026:05:42:35 -0700] "GET /2025/08/03/page-46?path=%2F%2Fetc%2Fpki HTTP/2.0" 403 4102 "-" "Mozilla/5.0 AppleWebKit/537.36 (KHTML, like Gecko; compatible; ClaudeBot/1.0; +claudebot@anthropic.com)" 45 **0/45727**
216.73.216.51 - - [10/Mar/2026:05:42:35 -0700] "GET /2025/08/03/page-46?path=%2F%2Fetc%2Fmotd.d HTTP/2.0" 403 4102 "-" "Mozilla/5.0 AppleWebKit/537.36 (KHTML, like Gecko; compatible; ClaudeBot/1.0; +claudebot@anthropic.com)" 36 **0/36914**
216.73.216.51 - - [10/Mar/2026:05:42:35 -0700] "GET /2025/08/03/page-46?fileloc=%2F%2Fbin%2Ffc-cache&path=%2F%2Fbin HTTP/2.0" 403 4102 "-" "Mozilla/5.0 AppleWebKit/537.36 (KHTML, like Gecko; compatible; ClaudeBot/1.0; +claudebot@anthropic.com)" 53 **0/53913**
216.73.216.51 - - [10/Mar/2026:05:42:35 -0700] "GET /2025/08/03/page-46?fileloc